{"id":998,"date":"2024-12-02T18:07:44","date_gmt":"2024-12-02T21:07:44","guid":{"rendered":"https:\/\/emporiodoturquinho.com.br\/?post_type=product&#038;p=998"},"modified":"2024-12-02T18:08:19","modified_gmt":"2024-12-02T21:08:19","slug":"998","status":"publish","type":"product","link":"https:\/\/emporiodoturquinho.com.br\/?product=998","title":{"rendered":"PASTA DE PISTACHE"},"content":{"rendered":"<p>Pasta saborizante 100% Pistache, sem adi\u00e7\u00e3o de outros ingredientes. A Pasta perfeita para gerar sabor natural e delicioso para seu brigadeiro, bolo, recheios e tortas. Voc\u00ea pode usar de 8 a 10% do volume da sua receita, em pasta, gerando sabor e maciez para o seu preparo.<\/p>\n","protected":false},"excerpt":{"rendered":"<p>INGREDIENTES: PISTACHE CALIFORNIANO.\u00a0<strong>N\u00c3O CONT\u00c9M GL\u00daTEN. N\u00c3O CONT\u00c9M LACTOSE. CONT\u00c9M PISTACHE. PODE CONTER AMENDOIM, AM\u00caNDOA, AVEL\u00c3, CASTANHA DE CAJU, MACAD\u00c2MIA, NOZES.<\/strong><\/p>\n","protected":false},"featured_media":999,"comment_status":"open","ping_status":"closed","template":"","meta":[],"product_cat":[53,37],"product_tag":[],"class_list":{"0":"post-998","1":"product","2":"type-product","3":"status-publish","4":"has-post-thumbnail","6":"product_cat-matinais-e-snacks","7":"product_cat-suplementos","9":"first","10":"instock","11":"shipping-taxable","12":"product-type-simple"},"supplier_id":null,"supplier_sku":"","barcode":null,"atum_controlled":true,"out_stock_date":null,"out_stock_threshold":null,"inheritable":false,"inbound_stock":null,"stock_on_hold":0,"sold_today":0,"sales_last_days":0,"reserved_stock":null,"customer_returns":null,"warehouse_damage":null,"lost_in_post":null,"other_logs":null,"out_stock_days":0,"lost_sales":0,"has_location":false,"update_date":"2026-04-22T12:24:26","atum_locations":[],"atum_stock_status":"instock","restock_status":false,"low_stock_amount":"","sales_update_date":"2026-04-22T12:24:26","calc_backorders":null,"_links":{"self":[{"href":"https:\/\/emporiodoturquinho.com.br\/index.php?rest_route=\/wp\/v2\/product\/998","targetHints":{"allow":["GET"]}}],"collection":[{"href":"https:\/\/emporiodoturquinho.com.br\/index.php?rest_route=\/wp\/v2\/product"}],"about":[{"href":"https:\/\/emporiodoturquinho.com.br\/index.php?rest_route=\/wp\/v2\/types\/product"}],"replies":[{"embeddable":true,"href":"https:\/\/emporiodoturquinho.com.br\/index.php?rest_route=%2Fwp%2Fv2%2Fcomments&post=998"}],"wp:featuredmedia":[{"embeddable":true,"href":"https:\/\/emporiodoturquinho.com.br\/index.php?rest_route=\/wp\/v2\/media\/999"}],"wp:attachment":[{"href":"https:\/\/emporiodoturquinho.com.br\/index.php?rest_route=%2Fwp%2Fv2%2Fmedia&parent=998"}],"wp:term":[{"taxonomy":"product_cat","embeddable":true,"href":"https:\/\/emporiodoturquinho.com.br\/index.php?rest_route=%2Fwp%2Fv2%2Fproduct_cat&post=998"},{"taxonomy":"product_tag","embeddable":true,"href":"https:\/\/emporiodoturquinho.com.br\/index.php?rest_route=%2Fwp%2Fv2%2Fproduct_tag&post=998"}],"curies":[{"name":"wp","href":"https:\/\/api.w.org\/{rel}","templated":true}]}}