{"id":996,"date":"2024-11-13T08:00:17","date_gmt":"2024-11-13T11:00:17","guid":{"rendered":"https:\/\/emporiodoturquinho.com.br\/?post_type=product&#038;p=996"},"modified":"2024-11-13T08:00:17","modified_gmt":"2024-11-13T11:00:17","slug":"albumina-naturovos-420g","status":"publish","type":"product","link":"https:\/\/emporiodoturquinho.com.br\/?product=albumina-naturovos-420g","title":{"rendered":"ALBUMINA NATUROVOS 420G"},"content":{"rendered":"<p>No mercado desde 2011, a Albumina Naturovos est\u00e1 dispon\u00edvel nas vers\u00f5es com sabor e natural. Os sabores foram especificamente desenvolvidos para garantir o elevado n\u00edvel prot\u00e9ico enquanto oferece sabor delicioso e de baunilha, morango, caf\u00e9 mocaccino e chocolate. Uma por\u00e7\u00e3o de 28g de Albumina Naturovos, equivale a aproximadamente 22g de prote\u00edna, cerca de 7 claras de ovo.<\/p>\n","protected":false},"excerpt":{"rendered":"<p>A Albumina Naturovos \u00e9 preparada atrav\u00e9s da clara de ovo em p\u00f3, proveniente de ovos frescos, lavados e selecionados. Em equipamento especial, o ovo \u00e9 quebrado para separa\u00e7\u00e3o da clara e da gema. A clara do ovo \u00e9 filtrada, pasteurizada e ent\u00e3o desidratada, tornando-se um p\u00f3 rico em prote\u00ednas, com vitaminas e sais minerais e baix\u00edssimo em gorduras. Elaborada sem gl\u00faten ou lactose, a Albumina Naturovos \u00e9 refer\u00eancia de qualidade no Brasil.<\/p>\n","protected":false},"featured_media":997,"comment_status":"open","ping_status":"closed","template":"","meta":[],"product_cat":[37],"product_tag":[],"class_list":{"0":"post-996","1":"product","2":"type-product","3":"status-publish","4":"has-post-thumbnail","6":"product_cat-suplementos","8":"first","9":"instock","10":"shipping-taxable","11":"product-type-simple"},"supplier_id":null,"supplier_sku":"","barcode":null,"atum_controlled":true,"out_stock_date":null,"out_stock_threshold":null,"inheritable":false,"inbound_stock":null,"stock_on_hold":0,"sold_today":0,"sales_last_days":0,"reserved_stock":null,"customer_returns":null,"warehouse_damage":null,"lost_in_post":null,"other_logs":null,"out_stock_days":0,"lost_sales":0,"has_location":false,"update_date":"2026-04-22T12:24:26","atum_locations":[],"atum_stock_status":"instock","restock_status":false,"low_stock_amount":"","sales_update_date":"2026-04-22T12:24:26","calc_backorders":null,"_links":{"self":[{"href":"https:\/\/emporiodoturquinho.com.br\/index.php?rest_route=\/wp\/v2\/product\/996","targetHints":{"allow":["GET"]}}],"collection":[{"href":"https:\/\/emporiodoturquinho.com.br\/index.php?rest_route=\/wp\/v2\/product"}],"about":[{"href":"https:\/\/emporiodoturquinho.com.br\/index.php?rest_route=\/wp\/v2\/types\/product"}],"replies":[{"embeddable":true,"href":"https:\/\/emporiodoturquinho.com.br\/index.php?rest_route=%2Fwp%2Fv2%2Fcomments&post=996"}],"wp:featuredmedia":[{"embeddable":true,"href":"https:\/\/emporiodoturquinho.com.br\/index.php?rest_route=\/wp\/v2\/media\/997"}],"wp:attachment":[{"href":"https:\/\/emporiodoturquinho.com.br\/index.php?rest_route=%2Fwp%2Fv2%2Fmedia&parent=996"}],"wp:term":[{"taxonomy":"product_cat","embeddable":true,"href":"https:\/\/emporiodoturquinho.com.br\/index.php?rest_route=%2Fwp%2Fv2%2Fproduct_cat&post=996"},{"taxonomy":"product_tag","embeddable":true,"href":"https:\/\/emporiodoturquinho.com.br\/index.php?rest_route=%2Fwp%2Fv2%2Fproduct_tag&post=996"}],"curies":[{"name":"wp","href":"https:\/\/api.w.org\/{rel}","templated":true}]}}