{"id":984,"date":"2024-10-04T16:58:55","date_gmt":"2024-10-04T19:58:55","guid":{"rendered":"https:\/\/emporiodoturquinho.com.br\/?post_type=product&#038;p=984"},"modified":"2024-10-04T16:58:55","modified_gmt":"2024-10-04T19:58:55","slug":"extrato-de-propolis-verde","status":"publish","type":"product","link":"https:\/\/emporiodoturquinho.com.br\/?product=extrato-de-propolis-verde","title":{"rendered":"EXTRATO DE PR\u00d3POLIS VERDE"},"content":{"rendered":"<p><b>SUGEST\u00c3O DE USO: <\/b>Diluir 15 gotas em \u00e1gua, suco, mel ou outra bebida de sua prefer\u00eancia.<\/p>\n<p><b>INGREDIENTES:<\/b>\u00a0Pr\u00f3polis Verde, \u00c1lcool Neutro e \u00c1gua Purificada.\u00a0<b>N\u00c3O CONT\u00c9M GL\u00daTEN.<\/b><\/p>\n<p><b>EMBALAGEM DISPON\u00cdVEL:<\/b>\u00a0Frasco com 30ml.<\/p>\n<p><b>REGISTRO:\u00a0<\/b>Minist\u00e9rio da Agricultura SIF\/DIPOA 0137\/3733.<\/p>\n<p><b>PRODUTO BRASILEIRO<\/b><\/p>\n","protected":false},"excerpt":{"rendered":"<p>Pr\u00f3polis \u00e9 uma subst\u00e2ncia produzida pelas abelhas e que apresenta uma composi\u00e7\u00e3o complexa, na qual mais de 200 subst\u00e2ncias com potencial efeito biol\u00f3gico j\u00e1 foram identificados. Dentre os principais compostos ativos podemos citar os flavonoides, compostos prenilados, \u00e1cidos arom\u00e1ticos, amino\u00e1cidos, \u00f3leos essenciais e outros.<\/p>\n<p>O pr\u00f3polis verde \u00e9 obtido a partir de uma planta nativa do Brasil, a\u00a0<i>Baccharis dracunculifolia<\/i>\u00a0(Vassourinha ou Alecrim do Campo). Trata-se de um produto amplamente estudado por pesquisadores no Brasil e no exterior e que possui, al\u00e9m dos tradicionais componentes da pr\u00f3polis, alta quantidade de artepillin C, componente ao qual se atribuem diversas propriedades da pr\u00f3polis.<\/p>\n<p>O extrato Glic\u00f3lico de Pr\u00f3polis 70% resulta de uma avan\u00e7ada tecnologia desenvolvida pela Apis Flora, utilizando modernos equipamentos que produzem um produto concentrado, sem \u00e1lcool, e que mant\u00e9m todas as substancias ativas da pr\u00f3polis totalmente integras.<\/p>\n","protected":false},"featured_media":985,"comment_status":"open","ping_status":"closed","template":"","meta":[],"product_cat":[18],"product_tag":[],"class_list":{"0":"post-984","1":"product","2":"type-product","3":"status-publish","4":"has-post-thumbnail","6":"product_cat-especiais","8":"first","9":"instock","10":"shipping-taxable","11":"product-type-simple"},"supplier_id":null,"supplier_sku":"","barcode":null,"atum_controlled":true,"out_stock_date":null,"out_stock_threshold":null,"inheritable":false,"inbound_stock":null,"stock_on_hold":0,"sold_today":0,"sales_last_days":0,"reserved_stock":null,"customer_returns":null,"warehouse_damage":null,"lost_in_post":null,"other_logs":null,"out_stock_days":0,"lost_sales":0,"has_location":false,"update_date":"2026-04-22T12:24:26","atum_locations":[],"atum_stock_status":"instock","restock_status":false,"low_stock_amount":"","sales_update_date":"2026-04-22T12:24:26","calc_backorders":null,"_links":{"self":[{"href":"https:\/\/emporiodoturquinho.com.br\/index.php?rest_route=\/wp\/v2\/product\/984","targetHints":{"allow":["GET"]}}],"collection":[{"href":"https:\/\/emporiodoturquinho.com.br\/index.php?rest_route=\/wp\/v2\/product"}],"about":[{"href":"https:\/\/emporiodoturquinho.com.br\/index.php?rest_route=\/wp\/v2\/types\/product"}],"replies":[{"embeddable":true,"href":"https:\/\/emporiodoturquinho.com.br\/index.php?rest_route=%2Fwp%2Fv2%2Fcomments&post=984"}],"wp:featuredmedia":[{"embeddable":true,"href":"https:\/\/emporiodoturquinho.com.br\/index.php?rest_route=\/wp\/v2\/media\/985"}],"wp:attachment":[{"href":"https:\/\/emporiodoturquinho.com.br\/index.php?rest_route=%2Fwp%2Fv2%2Fmedia&parent=984"}],"wp:term":[{"taxonomy":"product_cat","embeddable":true,"href":"https:\/\/emporiodoturquinho.com.br\/index.php?rest_route=%2Fwp%2Fv2%2Fproduct_cat&post=984"},{"taxonomy":"product_tag","embeddable":true,"href":"https:\/\/emporiodoturquinho.com.br\/index.php?rest_route=%2Fwp%2Fv2%2Fproduct_tag&post=984"}],"curies":[{"name":"wp","href":"https:\/\/api.w.org\/{rel}","templated":true}]}}