{"id":980,"date":"2024-09-16T15:46:31","date_gmt":"2024-09-16T18:46:31","guid":{"rendered":"https:\/\/emporiodoturquinho.com.br\/?post_type=product&#038;p=980"},"modified":"2024-09-16T15:46:31","modified_gmt":"2024-09-16T18:46:31","slug":"beterraba-em-po","status":"publish","type":"product","link":"https:\/\/emporiodoturquinho.com.br\/?product=beterraba-em-po","title":{"rendered":"BETERRABA EM P\u00d3"},"content":{"rendered":"<p>Rica em fibras, a beterraba ajuda no funcionamento intestinal. N\u00e3o s\u00f3, alimentos ricos em fibras promovem maior sensa\u00e7\u00e3o de saciedade, o que ajuda no controle do apetite. Por isso, consumir essa farinha pode ser uma aliada para quem quer perder peso e evitar os excessos na hora das refei\u00e7\u00f5es.<br \/>\nTamb\u00e9m por ser rica em fibras, combate a constipa\u00e7\u00e3o, ou seja, a pris\u00e3o de ventre. Portanto, com o intestino funcionando reguladamente, \u00e9 poss\u00edvel evitar o inc\u00f4modo incha\u00e7o abdominal.<\/p>\n","protected":false},"excerpt":{"rendered":"<p>A Beterraba em P\u00f3 se destaca como uma das hortali\u00e7as mais ricas em vitaminas e em ferro, tanto na raiz quanto nas folhas.<\/p>\n<p>A Beterraba em P\u00f3 pode ser Utilizada como alternativa \u00e0 farinha de trigo no preparo de p\u00e3es, massas, biscoitos, bolos e tortas. Tamb\u00e9m pode ser acrescentada \u00e0 sucos e vitaminas!<\/p>\n","protected":false},"featured_media":981,"comment_status":"open","ping_status":"closed","template":"","meta":[],"product_cat":[63,68],"product_tag":[],"class_list":{"0":"post-980","1":"product","2":"type-product","3":"status-publish","4":"has-post-thumbnail","6":"product_cat-cozinhar-e-temperar","7":"product_cat-farinhas","9":"first","10":"instock","11":"shipping-taxable","12":"product-type-simple"},"supplier_id":null,"supplier_sku":"","barcode":null,"atum_controlled":true,"out_stock_date":null,"out_stock_threshold":null,"inheritable":false,"inbound_stock":null,"stock_on_hold":0,"sold_today":0,"sales_last_days":0,"reserved_stock":null,"customer_returns":null,"warehouse_damage":null,"lost_in_post":null,"other_logs":null,"out_stock_days":0,"lost_sales":0,"has_location":false,"update_date":"2026-04-22T12:24:26","atum_locations":[],"atum_stock_status":"instock","restock_status":false,"low_stock_amount":"","sales_update_date":"2026-04-22T12:24:26","calc_backorders":null,"_links":{"self":[{"href":"https:\/\/emporiodoturquinho.com.br\/index.php?rest_route=\/wp\/v2\/product\/980","targetHints":{"allow":["GET"]}}],"collection":[{"href":"https:\/\/emporiodoturquinho.com.br\/index.php?rest_route=\/wp\/v2\/product"}],"about":[{"href":"https:\/\/emporiodoturquinho.com.br\/index.php?rest_route=\/wp\/v2\/types\/product"}],"replies":[{"embeddable":true,"href":"https:\/\/emporiodoturquinho.com.br\/index.php?rest_route=%2Fwp%2Fv2%2Fcomments&post=980"}],"wp:featuredmedia":[{"embeddable":true,"href":"https:\/\/emporiodoturquinho.com.br\/index.php?rest_route=\/wp\/v2\/media\/981"}],"wp:attachment":[{"href":"https:\/\/emporiodoturquinho.com.br\/index.php?rest_route=%2Fwp%2Fv2%2Fmedia&parent=980"}],"wp:term":[{"taxonomy":"product_cat","embeddable":true,"href":"https:\/\/emporiodoturquinho.com.br\/index.php?rest_route=%2Fwp%2Fv2%2Fproduct_cat&post=980"},{"taxonomy":"product_tag","embeddable":true,"href":"https:\/\/emporiodoturquinho.com.br\/index.php?rest_route=%2Fwp%2Fv2%2Fproduct_tag&post=980"}],"curies":[{"name":"wp","href":"https:\/\/api.w.org\/{rel}","templated":true}]}}