{"id":961,"date":"2024-08-12T16:10:22","date_gmt":"2024-08-12T19:10:22","guid":{"rendered":"https:\/\/emporiodoturquinho.com.br\/?post_type=product&#038;p=961"},"modified":"2024-10-03T12:03:43","modified_gmt":"2024-10-03T15:03:43","slug":"colagneo-verisol","status":"publish","type":"product","link":"https:\/\/emporiodoturquinho.com.br\/?product=colagneo-verisol","title":{"rendered":"COL\u00c1GENO VERISOL"},"content":{"rendered":"<p>O Col\u00e1geno Verisol sabor Frutas Vermelhas da Herbamed \u00e9 um suplemento alimentar que cont\u00e9m pept\u00eddeos bioativos de col\u00e1geno, especialmente desenvolvidos para a beleza da pele. O col\u00e1geno Verisol atua nas camadas mais profundas da pele, estimulando a produ\u00e7\u00e3o de col\u00e1geno natural e melhorando sua apar\u00eancia.<\/p>\n","protected":false},"excerpt":{"rendered":"<p>Ajuda a reduzir as rugas, aumenta a elasticidade e a hidrata\u00e7\u00e3o da pele, combate a celulite e fortalece as unhas.<\/p>\n","protected":false},"featured_media":962,"comment_status":"open","ping_status":"closed","template":"","meta":[],"product_cat":[37],"product_tag":[],"class_list":{"0":"post-961","1":"product","2":"type-product","3":"status-publish","4":"has-post-thumbnail","6":"product_cat-suplementos","8":"first","9":"instock","10":"shipping-taxable","11":"product-type-simple"},"supplier_id":null,"supplier_sku":"","barcode":null,"atum_controlled":true,"out_stock_date":null,"out_stock_threshold":null,"inheritable":false,"inbound_stock":null,"stock_on_hold":0,"sold_today":0,"sales_last_days":0,"reserved_stock":null,"customer_returns":null,"warehouse_damage":null,"lost_in_post":null,"other_logs":null,"out_stock_days":0,"lost_sales":0,"has_location":false,"update_date":"2026-04-22T12:24:25","atum_locations":[],"atum_stock_status":"instock","restock_status":false,"low_stock_amount":"","sales_update_date":"2026-04-22T12:24:25","calc_backorders":null,"_links":{"self":[{"href":"https:\/\/emporiodoturquinho.com.br\/index.php?rest_route=\/wp\/v2\/product\/961","targetHints":{"allow":["GET"]}}],"collection":[{"href":"https:\/\/emporiodoturquinho.com.br\/index.php?rest_route=\/wp\/v2\/product"}],"about":[{"href":"https:\/\/emporiodoturquinho.com.br\/index.php?rest_route=\/wp\/v2\/types\/product"}],"replies":[{"embeddable":true,"href":"https:\/\/emporiodoturquinho.com.br\/index.php?rest_route=%2Fwp%2Fv2%2Fcomments&post=961"}],"wp:featuredmedia":[{"embeddable":true,"href":"https:\/\/emporiodoturquinho.com.br\/index.php?rest_route=\/wp\/v2\/media\/962"}],"wp:attachment":[{"href":"https:\/\/emporiodoturquinho.com.br\/index.php?rest_route=%2Fwp%2Fv2%2Fmedia&parent=961"}],"wp:term":[{"taxonomy":"product_cat","embeddable":true,"href":"https:\/\/emporiodoturquinho.com.br\/index.php?rest_route=%2Fwp%2Fv2%2Fproduct_cat&post=961"},{"taxonomy":"product_tag","embeddable":true,"href":"https:\/\/emporiodoturquinho.com.br\/index.php?rest_route=%2Fwp%2Fv2%2Fproduct_tag&post=961"}],"curies":[{"name":"wp","href":"https:\/\/api.w.org\/{rel}","templated":true}]}}