{"id":927,"date":"2024-07-29T11:33:42","date_gmt":"2024-07-29T14:33:42","guid":{"rendered":"https:\/\/emporiodoturquinho.com.br\/?post_type=product&#038;p=927"},"modified":"2024-07-29T11:33:42","modified_gmt":"2024-07-29T14:33:42","slug":"cogumelo-shitake-desidratado","status":"publish","type":"product","link":"https:\/\/emporiodoturquinho.com.br\/?product=cogumelo-shitake-desidratado","title":{"rendered":"COGUMELO SHITAKE DESIDRATADO"},"content":{"rendered":"<p>Um dos cogumelos mais consumidos no mundo, o\u00a0<strong>Shitake<\/strong>\u00a0tem sabor acentuado e deixa o prato bem mais saboroso. \u00c9 rico em prote\u00ednas e bastante nutritivo.<\/p>\n<p>A desidrata\u00e7\u00e3o consiste basicamente na retirada de \u00e1gua livre do produto, com o m\u00ednimo de altera\u00e7\u00e3o nas caracter\u00edsticas de cor, odor e sabor. Para hidratar, basta hidratar em \u00e1gua gelada ou adicion\u00e1-lo seco em sopas e molhos.<\/p>\n","protected":false},"excerpt":{"rendered":"<p>O Shitake tem um sabor acentuado e pode ser utilizado em v\u00e1rias receitas e sua vers\u00e3o desidratada \u00e9 f\u00e1cil para ter sempre na despensa.<\/p>\n","protected":false},"featured_media":928,"comment_status":"open","ping_status":"closed","template":"","meta":[],"product_cat":[77],"product_tag":[],"class_list":{"0":"post-927","1":"product","2":"type-product","3":"status-publish","4":"has-post-thumbnail","6":"product_cat-frutas-desidratadas","8":"first","9":"instock","10":"shipping-taxable","11":"product-type-simple"},"supplier_id":null,"supplier_sku":"","barcode":null,"atum_controlled":true,"out_stock_date":null,"out_stock_threshold":null,"inheritable":false,"inbound_stock":null,"stock_on_hold":0,"sold_today":0,"sales_last_days":0,"reserved_stock":null,"customer_returns":null,"warehouse_damage":null,"lost_in_post":null,"other_logs":null,"out_stock_days":0,"lost_sales":0,"has_location":false,"update_date":"2026-04-22T12:24:25","atum_locations":[],"atum_stock_status":"instock","restock_status":false,"low_stock_amount":"","sales_update_date":"2026-04-22T12:24:25","calc_backorders":null,"_links":{"self":[{"href":"https:\/\/emporiodoturquinho.com.br\/index.php?rest_route=\/wp\/v2\/product\/927","targetHints":{"allow":["GET"]}}],"collection":[{"href":"https:\/\/emporiodoturquinho.com.br\/index.php?rest_route=\/wp\/v2\/product"}],"about":[{"href":"https:\/\/emporiodoturquinho.com.br\/index.php?rest_route=\/wp\/v2\/types\/product"}],"replies":[{"embeddable":true,"href":"https:\/\/emporiodoturquinho.com.br\/index.php?rest_route=%2Fwp%2Fv2%2Fcomments&post=927"}],"wp:featuredmedia":[{"embeddable":true,"href":"https:\/\/emporiodoturquinho.com.br\/index.php?rest_route=\/wp\/v2\/media\/928"}],"wp:attachment":[{"href":"https:\/\/emporiodoturquinho.com.br\/index.php?rest_route=%2Fwp%2Fv2%2Fmedia&parent=927"}],"wp:term":[{"taxonomy":"product_cat","embeddable":true,"href":"https:\/\/emporiodoturquinho.com.br\/index.php?rest_route=%2Fwp%2Fv2%2Fproduct_cat&post=927"},{"taxonomy":"product_tag","embeddable":true,"href":"https:\/\/emporiodoturquinho.com.br\/index.php?rest_route=%2Fwp%2Fv2%2Fproduct_tag&post=927"}],"curies":[{"name":"wp","href":"https:\/\/api.w.org\/{rel}","templated":true}]}}