{"id":912,"date":"2024-07-23T06:43:15","date_gmt":"2024-07-23T09:43:15","guid":{"rendered":"https:\/\/emporiodoturquinho.com.br\/?post_type=product&#038;p=912"},"modified":"2024-07-23T06:43:15","modified_gmt":"2024-07-23T09:43:15","slug":"silimarina-cardo-mariano","status":"publish","type":"product","link":"https:\/\/emporiodoturquinho.com.br\/?product=silimarina-cardo-mariano","title":{"rendered":"SILIMARINA CARDO MARIANO"},"content":{"rendered":"<p><strong>BENEF\u00cdCIOS DA SILIMARINA \/ CARDO MARIANO<\/strong><\/p>\n<p>A principal fun\u00e7\u00e3o da silimarina \u00e9 reparar as c\u00e9lulas danificadas devido ao excesso de subst\u00e2ncias t\u00f3xicas, provenientes de h\u00e1bitos prejudiciais como consumo de \u00e1lcool ou drogas. Ela tamb\u00e9m protege as novas c\u00e9lulas contra danos e reduz as inflama\u00e7\u00f5es.<\/p>\n<p>A silimarina combate a Esteatose Hep\u00e1tica, popularmente conhecida como Gordura no F\u00edgado ou F\u00edgado Gorduroso.<\/p>\n<ul>\n<li>Antiss\u00e9ptica<\/li>\n<li>Anticolesterol\u00eamica<\/li>\n<li>Anti-inflamat\u00f3ria<\/li>\n<li>Antioxidante<\/li>\n<li>Colagoga<\/li>\n<li>Coler\u00e9tica<\/li>\n<li>Depurativa<\/li>\n<li>Digestiva<\/li>\n<li>Diur\u00e9tica<\/li>\n<li>Estomacal<\/li>\n<li>Aperiente<\/li>\n<li>Hepatoprotetora<\/li>\n<li>Hipertensora<\/li>\n<li>M\u00e1 digest\u00e3o<\/li>\n<li>Regeneradora<\/li>\n<li>T\u00f4nica<\/li>\n<\/ul>\n","protected":false},"excerpt":{"rendered":"<p>O cardo mariano, tamb\u00e9m conhecido como silybum marianum, \u00e9 uma planta origin\u00e1ria da Europa e \u00c1sia, pertencente \u00e0 fam\u00edlia Asteraceae, que \u00e9 membro da mesma fam\u00edlia do girassol. Al\u00e9m disso, pode ser referido por outros nomes como santa-maria, cardo-branco, cardo-do-leite, cardo-de-nossa-senhora e cardo-santo.<\/p>\n<p>Com uma hist\u00f3ria que remonta ao s\u00e9culo 4 a.C., o cardo mariano tem sido utilizado como planta medicinal. No entanto, seu emprego no tratamento de doen\u00e7as hepatobiliares come\u00e7ou a ser reconhecido no s\u00e9culo XVIII. Desde ent\u00e3o, compreende-se como o cardo mariano atua no f\u00edgado e na bile. Al\u00e9m das quest\u00f5es hep\u00e1ticas, o cardo mariano demonstrou utilidade no tratamento da bronquite.<\/p>\n<p>A silimarina, o principal componente ativo do cardo mariano, \u00e9 respons\u00e1vel pelos efeitos ben\u00e9ficos no f\u00edgado.<\/p>\n","protected":false},"featured_media":913,"comment_status":"open","ping_status":"closed","template":"","meta":[],"product_cat":[37],"product_tag":[],"class_list":{"0":"post-912","1":"product","2":"type-product","3":"status-publish","4":"has-post-thumbnail","6":"product_cat-suplementos","8":"first","9":"instock","10":"shipping-taxable","11":"product-type-simple"},"supplier_id":null,"supplier_sku":"","barcode":null,"atum_controlled":true,"out_stock_date":null,"out_stock_threshold":null,"inheritable":false,"inbound_stock":null,"stock_on_hold":0,"sold_today":0,"sales_last_days":0,"reserved_stock":null,"customer_returns":null,"warehouse_damage":null,"lost_in_post":null,"other_logs":null,"out_stock_days":0,"lost_sales":0,"has_location":false,"update_date":"2026-04-22T12:24:25","atum_locations":[],"atum_stock_status":"instock","restock_status":false,"low_stock_amount":"","sales_update_date":"2026-04-22T12:24:25","calc_backorders":null,"_links":{"self":[{"href":"https:\/\/emporiodoturquinho.com.br\/index.php?rest_route=\/wp\/v2\/product\/912","targetHints":{"allow":["GET"]}}],"collection":[{"href":"https:\/\/emporiodoturquinho.com.br\/index.php?rest_route=\/wp\/v2\/product"}],"about":[{"href":"https:\/\/emporiodoturquinho.com.br\/index.php?rest_route=\/wp\/v2\/types\/product"}],"replies":[{"embeddable":true,"href":"https:\/\/emporiodoturquinho.com.br\/index.php?rest_route=%2Fwp%2Fv2%2Fcomments&post=912"}],"wp:featuredmedia":[{"embeddable":true,"href":"https:\/\/emporiodoturquinho.com.br\/index.php?rest_route=\/wp\/v2\/media\/913"}],"wp:attachment":[{"href":"https:\/\/emporiodoturquinho.com.br\/index.php?rest_route=%2Fwp%2Fv2%2Fmedia&parent=912"}],"wp:term":[{"taxonomy":"product_cat","embeddable":true,"href":"https:\/\/emporiodoturquinho.com.br\/index.php?rest_route=%2Fwp%2Fv2%2Fproduct_cat&post=912"},{"taxonomy":"product_tag","embeddable":true,"href":"https:\/\/emporiodoturquinho.com.br\/index.php?rest_route=%2Fwp%2Fv2%2Fproduct_tag&post=912"}],"curies":[{"name":"wp","href":"https:\/\/api.w.org\/{rel}","templated":true}]}}