{"id":893,"date":"2024-05-23T08:35:50","date_gmt":"2024-05-23T11:35:50","guid":{"rendered":"https:\/\/emporiodoturquinho.com.br\/?post_type=product&#038;p=893"},"modified":"2024-05-23T08:35:50","modified_gmt":"2024-05-23T11:35:50","slug":"oleo-de-coco-extravirgem","status":"publish","type":"product","link":"https:\/\/emporiodoturquinho.com.br\/?product=oleo-de-coco-extravirgem","title":{"rendered":"\u00d3LEO DE COCO EXTRAVIRGEM"},"content":{"rendered":"<p>Ingredientes<br \/>\n\u00d3leo de Coco (Cocos Nucifera L.)<\/p>\n<p>Conserva\u00e7\u00e3o<br \/>\nConserve melhor seu \u00f3leo mantendo-o em local seco, protegido de luz e longe de qualquer fonte de calor.<\/p>\n<p>Validade<br \/>\nVencimento de 36 meses ap\u00f3s a fabrica\u00e7\u00e3o em condi\u00e7\u00f5es ideais. Ap\u00f3s aberto, utilize em at\u00e9 45 dias.<\/p>\n<p>Dica Importante<br \/>\nO \u00f3leo de coco solidifica em temperaturas abaixo de 25\u00baC, para voltar ao normal basta um &#8220;Banho Maria&#8221;.<\/p>\n<p>&nbsp;<\/p>\n","protected":false},"excerpt":{"rendered":"<p>O \u00d3leo de Coco Extravirgem Copra \u00e9 o perfeito substituto para outros \u00f3leos vegetais, pois conserva nutrientes enquanto promove o seu bem-estar. Al\u00e9m de dar um toque especial \u00e0s receitas, \u00e9 zero gordura trans, n\u00e3o hidrogenado e nem refinado. Prensado e extra\u00eddo a frio da polpa do coco seco, possui em sua composi\u00e7\u00e3o uma predomin\u00e2ncia de gorduras boas que facilitam a digest\u00e3o e absor\u00e7\u00e3o pelo nosso corpo.<\/p>\n","protected":false},"featured_media":894,"comment_status":"open","ping_status":"closed","template":"","meta":[],"product_cat":[63,86],"product_tag":[],"class_list":{"0":"post-893","1":"product","2":"type-product","3":"status-publish","4":"has-post-thumbnail","6":"product_cat-cozinhar-e-temperar","7":"product_cat-oleo","9":"first","10":"instock","11":"shipping-taxable","12":"product-type-simple"},"supplier_id":null,"supplier_sku":"","barcode":null,"atum_controlled":true,"out_stock_date":null,"out_stock_threshold":null,"inheritable":false,"inbound_stock":null,"stock_on_hold":0,"sold_today":0,"sales_last_days":0,"reserved_stock":null,"customer_returns":null,"warehouse_damage":null,"lost_in_post":null,"other_logs":null,"out_stock_days":0,"lost_sales":0,"has_location":false,"update_date":"2026-04-22T12:24:25","atum_locations":[],"atum_stock_status":"instock","restock_status":false,"low_stock_amount":"","sales_update_date":"2026-04-22T12:24:25","calc_backorders":null,"_links":{"self":[{"href":"https:\/\/emporiodoturquinho.com.br\/index.php?rest_route=\/wp\/v2\/product\/893","targetHints":{"allow":["GET"]}}],"collection":[{"href":"https:\/\/emporiodoturquinho.com.br\/index.php?rest_route=\/wp\/v2\/product"}],"about":[{"href":"https:\/\/emporiodoturquinho.com.br\/index.php?rest_route=\/wp\/v2\/types\/product"}],"replies":[{"embeddable":true,"href":"https:\/\/emporiodoturquinho.com.br\/index.php?rest_route=%2Fwp%2Fv2%2Fcomments&post=893"}],"wp:featuredmedia":[{"embeddable":true,"href":"https:\/\/emporiodoturquinho.com.br\/index.php?rest_route=\/wp\/v2\/media\/894"}],"wp:attachment":[{"href":"https:\/\/emporiodoturquinho.com.br\/index.php?rest_route=%2Fwp%2Fv2%2Fmedia&parent=893"}],"wp:term":[{"taxonomy":"product_cat","embeddable":true,"href":"https:\/\/emporiodoturquinho.com.br\/index.php?rest_route=%2Fwp%2Fv2%2Fproduct_cat&post=893"},{"taxonomy":"product_tag","embeddable":true,"href":"https:\/\/emporiodoturquinho.com.br\/index.php?rest_route=%2Fwp%2Fv2%2Fproduct_tag&post=893"}],"curies":[{"name":"wp","href":"https:\/\/api.w.org\/{rel}","templated":true}]}}