{"id":817,"date":"2024-04-24T15:00:57","date_gmt":"2024-04-24T18:00:57","guid":{"rendered":"https:\/\/emporiodoturquinho.com.br\/?post_type=product&#038;p=817"},"modified":"2024-04-24T15:27:45","modified_gmt":"2024-04-24T18:27:45","slug":"pensamento-positivo","status":"publish","type":"product","link":"https:\/\/emporiodoturquinho.com.br\/?product=pensamento-positivo","title":{"rendered":"\u00d3LEO ESSENCIAL ADULTO  PENSAMENTO POSITIVO"},"content":{"rendered":"<p>Nossa linha age como uma terapia natural, sem contraindica\u00e7\u00f5es, trazendo benef\u00edcios \u00e0 sa\u00fade, complementando o tratamento m\u00e9dico convencional.<\/p>\n<p>Nos \u00faltimos 80 anos, os florais de Bach t\u00eam sido usados &#8211; em todo o mundo &#8211; como uma terapia alternativa. Com as 38 ess\u00eancias combinadas entre si, \u00e9 poss\u00edvel restaurar o equil\u00edbrio, harmonizar e regular as emo\u00e7\u00f5es.<\/p>\n<p>A Linha Vitta florais conta com \u201cblends\u201d, divididos entre as linhas Adulto e Kids, com ess\u00eancias naturais e produtos importados, que trazem em suas combina\u00e7\u00f5es os componentes necess\u00e1rios para proporcionar harmonia e serenidade em diferentes aspectos da vida.<\/p>\n","protected":false},"excerpt":{"rendered":"<p>Nossa linha age como uma terapia natural, sem contraindica\u00e7\u00f5es, trazendo benef\u00edcios \u00e0 sa\u00fade, complementando o tratamento m\u00e9dico convencional. Nos \u00faltimos 80 anos, os florais de Bach<span class=\"excerpt-hellip\"> [\u2026]<\/span><\/p>\n","protected":false},"featured_media":818,"comment_status":"open","ping_status":"closed","template":"","meta":[],"product_cat":[79,78],"product_tag":[],"class_list":{"0":"post-817","1":"product","2":"type-product","3":"status-publish","4":"has-post-thumbnail","6":"product_cat-florata-florais-linha-adultos","7":"product_cat-oleos-essenciais","9":"first","10":"instock","11":"shipping-taxable","12":"product-type-simple"},"supplier_id":null,"supplier_sku":"","barcode":null,"atum_controlled":true,"out_stock_date":null,"out_stock_threshold":null,"inheritable":false,"inbound_stock":null,"stock_on_hold":0,"sold_today":0,"sales_last_days":0,"reserved_stock":null,"customer_returns":null,"warehouse_damage":null,"lost_in_post":null,"other_logs":null,"out_stock_days":0,"lost_sales":0,"has_location":false,"update_date":"2026-04-22T12:24:25","atum_locations":[],"atum_stock_status":"instock","restock_status":false,"low_stock_amount":"","sales_update_date":"2026-04-22T12:24:25","calc_backorders":null,"_links":{"self":[{"href":"https:\/\/emporiodoturquinho.com.br\/index.php?rest_route=\/wp\/v2\/product\/817","targetHints":{"allow":["GET"]}}],"collection":[{"href":"https:\/\/emporiodoturquinho.com.br\/index.php?rest_route=\/wp\/v2\/product"}],"about":[{"href":"https:\/\/emporiodoturquinho.com.br\/index.php?rest_route=\/wp\/v2\/types\/product"}],"replies":[{"embeddable":true,"href":"https:\/\/emporiodoturquinho.com.br\/index.php?rest_route=%2Fwp%2Fv2%2Fcomments&post=817"}],"wp:featuredmedia":[{"embeddable":true,"href":"https:\/\/emporiodoturquinho.com.br\/index.php?rest_route=\/wp\/v2\/media\/818"}],"wp:attachment":[{"href":"https:\/\/emporiodoturquinho.com.br\/index.php?rest_route=%2Fwp%2Fv2%2Fmedia&parent=817"}],"wp:term":[{"taxonomy":"product_cat","embeddable":true,"href":"https:\/\/emporiodoturquinho.com.br\/index.php?rest_route=%2Fwp%2Fv2%2Fproduct_cat&post=817"},{"taxonomy":"product_tag","embeddable":true,"href":"https:\/\/emporiodoturquinho.com.br\/index.php?rest_route=%2Fwp%2Fv2%2Fproduct_tag&post=817"}],"curies":[{"name":"wp","href":"https:\/\/api.w.org\/{rel}","templated":true}]}}