{"id":707,"date":"2024-01-26T15:37:59","date_gmt":"2024-01-26T18:37:59","guid":{"rendered":"http:\/\/emporiodoturquinho.com.br\/?post_type=product&#038;p=707"},"modified":"2024-01-26T15:37:59","modified_gmt":"2024-01-26T18:37:59","slug":"matcha-instantaneo-sabor-limao-200gr","status":"publish","type":"product","link":"https:\/\/emporiodoturquinho.com.br\/?product=matcha-instantaneo-sabor-limao-200gr","title":{"rendered":"MATCH\u00c1 INSTANT\u00c2NEO &#8211; SABOR LIM\u00c3O &#8211; 200GR"},"content":{"rendered":"","protected":false},"excerpt":{"rendered":"<p>O Matcha Instant\u00e2neo \u00e9 obtido a partir das folhas premium do ch\u00e1 verde, que passam por um processo de moagem fina e a temperaturas extremamente baixas, preservando a cor verde e todo o sabor natural do Matcha, al\u00e9m de impedir a perda de nutrientes essenciais.<br \/>\n\u00c9 um p\u00f3 para preparo \u00e0 base de Matcha (camellia sinensis). Possui um delicioso sabor de lim\u00e3o.<br \/>\nPossui propriedades termog\u00eanicas;<br \/>\nAcelera o metabolismo;<\/p>\n","protected":false},"featured_media":708,"comment_status":"open","ping_status":"closed","template":"","meta":[],"product_cat":[37],"product_tag":[],"class_list":{"0":"post-707","1":"product","2":"type-product","3":"status-publish","4":"has-post-thumbnail","6":"product_cat-suplementos","8":"first","9":"instock","10":"shipping-taxable","11":"product-type-simple"},"supplier_id":null,"supplier_sku":"","barcode":null,"atum_controlled":true,"out_stock_date":null,"out_stock_threshold":null,"inheritable":false,"inbound_stock":0,"stock_on_hold":0,"sold_today":0,"sales_last_days":0,"reserved_stock":0,"customer_returns":0,"warehouse_damage":0,"lost_in_post":0,"other_logs":0,"out_stock_days":0,"lost_sales":0,"has_location":false,"update_date":"2026-04-22T12:24:26","atum_locations":[],"atum_stock_status":"instock","restock_status":false,"low_stock_amount":"","sales_update_date":"2026-04-22T12:24:26","calc_backorders":null,"_links":{"self":[{"href":"https:\/\/emporiodoturquinho.com.br\/index.php?rest_route=\/wp\/v2\/product\/707","targetHints":{"allow":["GET"]}}],"collection":[{"href":"https:\/\/emporiodoturquinho.com.br\/index.php?rest_route=\/wp\/v2\/product"}],"about":[{"href":"https:\/\/emporiodoturquinho.com.br\/index.php?rest_route=\/wp\/v2\/types\/product"}],"replies":[{"embeddable":true,"href":"https:\/\/emporiodoturquinho.com.br\/index.php?rest_route=%2Fwp%2Fv2%2Fcomments&post=707"}],"wp:featuredmedia":[{"embeddable":true,"href":"https:\/\/emporiodoturquinho.com.br\/index.php?rest_route=\/wp\/v2\/media\/708"}],"wp:attachment":[{"href":"https:\/\/emporiodoturquinho.com.br\/index.php?rest_route=%2Fwp%2Fv2%2Fmedia&parent=707"}],"wp:term":[{"taxonomy":"product_cat","embeddable":true,"href":"https:\/\/emporiodoturquinho.com.br\/index.php?rest_route=%2Fwp%2Fv2%2Fproduct_cat&post=707"},{"taxonomy":"product_tag","embeddable":true,"href":"https:\/\/emporiodoturquinho.com.br\/index.php?rest_route=%2Fwp%2Fv2%2Fproduct_tag&post=707"}],"curies":[{"name":"wp","href":"https:\/\/api.w.org\/{rel}","templated":true}]}}