{"id":583,"date":"2024-01-25T15:32:02","date_gmt":"2024-01-25T18:32:02","guid":{"rendered":"http:\/\/emporiodoturquinho.com.br\/?post_type=product&#038;p=583"},"modified":"2024-01-25T15:32:02","modified_gmt":"2024-01-25T18:32:02","slug":"pistache-com-casca-torrado-sem-sal","status":"publish","type":"product","link":"https:\/\/emporiodoturquinho.com.br\/?product=pistache-com-casca-torrado-sem-sal","title":{"rendered":"PISTACHE COM CASCA TORRADO SEM SAL"},"content":{"rendered":"<p>VALORES NUTRICIONAIS Conhe\u00e7a os valores nutricionais deste produto<br \/>\nQuantidade por por\u00e7\u00e3o de 15g (1 colher de sopa) %VD(*)<br \/>\nValor Energ\u00e9tico 88Kcal=368kJ 4<br \/>\nCarboidratos 4.5g 2<br \/>\nProte\u00ednas 2.2g 3<br \/>\nGorduras Totais 6.8g 12<br \/>\nGorduras Saturadas 0.8g 3<br \/>\nGorduras Trans 0g **<br \/>\nFibra Alimentar 1.5g 6<br \/>\nS\u00f3dio 60mg 3<br \/>\n(*)% Valores Di\u00e1rios de refer\u00eancia com base em uma dieta de 2.000 kcal ou 8.400 kJ. Seus valores di\u00e1rios podem ser maiores ou menores dependendo de suas necessidades energ\u00e9ticas.<\/p>\n<p>Ingrediente(s): Pistache com casca torrado e salgado.<\/p>\n<p>Ap\u00f3s abertura da embalagem, mantenha bem fechada, armazenando-a em local fresco e seco.<\/p>\n<p>AL\u00c9RGICOS: PODE CONTER TRA\u00c7OS SOJA, NOZES, CASTANHAS E AMENDOINS.<\/p>\n<p>N\u00c3O CONT\u00c9M GL\u00daTEN.<\/p>\n<p>CARACTER\u00cdSTICAS<br \/>\nSem Gl\u00faten: Sim<br \/>\nVegano: Sim<br \/>\nLow Carb: Sim<br \/>\nOrg\u00e2nico: N\u00e3o<br \/>\nLivre Transg\u00eanicos: Sim<br \/>\nSem Lactose: Sim<br \/>\nOrigem: Importado<br \/>\nGranel: Sim<\/p>\n","protected":false},"excerpt":{"rendered":"<p>O Pistache Com Casca Torrado e Salgado \u00e9 uma das oleaginosas mais antigas do mundo, sendo cultivado no Oriente M\u00e9dio h\u00e1 milhares de anos. Os pistaches s\u00e3o marcantes por seu sabor \u00fanico e levemente adocicado. A vers\u00e3o sem casca e torrada \u00e9 a mais indicada para o consumo como aperitivo.<\/p>\n<p>Quais as propriedades do Pistache?<br \/>\nO pistache \u00e9 um dos alimentos mais ricos em vitamina B6 que existe. A vitamina B6 \u00e9 importante para v\u00e1rias fun\u00e7\u00f5es corporais, incluindo a regula\u00e7\u00e3o do a\u00e7\u00facar no sangue e a forma\u00e7\u00e3o de hemoglobina, uma mol\u00e9cula que transporta oxig\u00eanio nas c\u00e9lulas vermelhas do sangue. Os pistache tamb\u00e9m s\u00e3o ricos em pot\u00e1ssio: uma por\u00e7\u00e3o cont\u00e9m mais pot\u00e1ssio do que a metade de uma banana grande!<\/p>\n<p>O pistache n\u00e3o \u00e9 apenas saboroso e super vers\u00e1til para comer, mas tamb\u00e9m saud\u00e1vel e carregado de nutrientes. Essa oleaginosa cont\u00eam gorduras saud\u00e1veis e s\u00e3o uma boa fonte de prote\u00ednas, fibras e antioxidantes.<\/p>\n<p>Por fim o pistache cont\u00e9m fitosterol, um extrato vegetal aliado da sa\u00fade e \u00e9 rico em vitaminas A, E, B-1 e fonte rica em fibras.<\/p>\n<p>O pistache engorda?<br \/>\nEssa \u00e9 sempre uma pergunta complexa. Embora comer oleaginosas tenha muitos benef\u00edcios para a sa\u00fade, elas costumam ser ricas em calorias. Felizmente, os pistaches est\u00e3o entre as oleaginosas de menor teor cal\u00f3rico! Cerca de 30g de pistache cont\u00e9m 159 calorias, em compara\u00e7\u00e3o com 185 calorias em nozes e 193 calorias em pec\u00e3s. Eles tamb\u00e9m s\u00e3o fonte de prote\u00ednas, que compreendem cerca de 20% de seu peso, perdendo apenas para as am\u00eandoas na compara\u00e7\u00e3o direta com outras oleaginosas.<\/p>\n<p>Gostou? Fa\u00e7a sua compra agora e receba com todo conforto na sua casa ou trabalho.<\/p>\n","protected":false},"featured_media":584,"comment_status":"open","ping_status":"closed","template":"","meta":[],"product_cat":[22],"product_tag":[],"class_list":{"0":"post-583","1":"product","2":"type-product","3":"status-publish","4":"has-post-thumbnail","6":"product_cat-oleaginosas","8":"first","9":"instock","10":"shipping-taxable","11":"product-type-simple"},"supplier_id":null,"supplier_sku":"","barcode":null,"atum_controlled":true,"out_stock_date":null,"out_stock_threshold":null,"inheritable":false,"inbound_stock":null,"stock_on_hold":0,"sold_today":0,"sales_last_days":0,"reserved_stock":null,"customer_returns":null,"warehouse_damage":null,"lost_in_post":null,"other_logs":null,"out_stock_days":0,"lost_sales":0,"has_location":null,"update_date":"2026-04-05T10:53:01","atum_locations":[],"atum_stock_status":"instock","restock_status":false,"low_stock_amount":"","sales_update_date":"2026-04-05T10:53:01","calc_backorders":null,"_links":{"self":[{"href":"https:\/\/emporiodoturquinho.com.br\/index.php?rest_route=\/wp\/v2\/product\/583","targetHints":{"allow":["GET"]}}],"collection":[{"href":"https:\/\/emporiodoturquinho.com.br\/index.php?rest_route=\/wp\/v2\/product"}],"about":[{"href":"https:\/\/emporiodoturquinho.com.br\/index.php?rest_route=\/wp\/v2\/types\/product"}],"replies":[{"embeddable":true,"href":"https:\/\/emporiodoturquinho.com.br\/index.php?rest_route=%2Fwp%2Fv2%2Fcomments&post=583"}],"wp:featuredmedia":[{"embeddable":true,"href":"https:\/\/emporiodoturquinho.com.br\/index.php?rest_route=\/wp\/v2\/media\/584"}],"wp:attachment":[{"href":"https:\/\/emporiodoturquinho.com.br\/index.php?rest_route=%2Fwp%2Fv2%2Fmedia&parent=583"}],"wp:term":[{"taxonomy":"product_cat","embeddable":true,"href":"https:\/\/emporiodoturquinho.com.br\/index.php?rest_route=%2Fwp%2Fv2%2Fproduct_cat&post=583"},{"taxonomy":"product_tag","embeddable":true,"href":"https:\/\/emporiodoturquinho.com.br\/index.php?rest_route=%2Fwp%2Fv2%2Fproduct_tag&post=583"}],"curies":[{"name":"wp","href":"https:\/\/api.w.org\/{rel}","templated":true}]}}