{"id":581,"date":"2024-01-25T15:31:08","date_gmt":"2024-01-25T18:31:08","guid":{"rendered":"http:\/\/emporiodoturquinho.com.br\/?post_type=product&#038;p=581"},"modified":"2024-01-25T15:31:08","modified_gmt":"2024-01-25T18:31:08","slug":"nozes","status":"publish","type":"product","link":"https:\/\/emporiodoturquinho.com.br\/?product=nozes","title":{"rendered":"NOZES"},"content":{"rendered":"<p>VALORES NUTRICIONAIS Conhe\u00e7a os valores nutricionais deste produto<br \/>\nQuantidade por por\u00e7\u00e3o de 15g (1 Colher de Sopa) %VD(*)<br \/>\nValor Energ\u00e9tico 98Kcal=410KJ 5<br \/>\nCarboidratos 2.8g 1<br \/>\nProte\u00ednas 2.2g 3<br \/>\nGorduras Totais 9.6g 18<br \/>\nGorduras Saturadas 0g 0<br \/>\nGorduras Trans 0g **<br \/>\nFibra Alimentar 0g 0<br \/>\nS\u00f3dio 0mg 0<br \/>\n(*)% Valores Di\u00e1rios de refer\u00eancia com base em uma dieta de 2.000 kcal ou 8.400 kJ. Seus valores di\u00e1rios podem ser maiores ou menores dependendo de suas necessidades energ\u00e9ticas.<\/p>\n<p>Ingrediente(s): Nozes mariposa extra light.<\/p>\n<p>Ap\u00f3s a abertura, mantenha a embalagem bem fechada. Armazene em local fresco e seco.<\/p>\n<p>AL\u00c9RGICOS: PODE CONTER TRA\u00c7OS DE SOJA, NOZES, CASTANHAS E AMENDOINS.<\/p>\n<p>N\u00c3O CONT\u00c9M GL\u00daTEN.<\/p>\n<p>CARACTER\u00cdSTICAS<br \/>\nSem Gl\u00faten: Sim<br \/>\nVegano: Sim<br \/>\nLow Carb: Sim<br \/>\nOrg\u00e2nico: N\u00e3o<br \/>\nLivre Transg\u00eanicos: Sim<br \/>\nSem Lactose: Sim<br \/>\nOrigem: Importado<br \/>\nGranel: Sim<\/p>\n","protected":false},"excerpt":{"rendered":"<p>Botanicamente falando, as Nozes Mariposa s\u00e3o um composto de sementes e frutos secos encontrados dentro de uma casca externa dura. Para fins culin\u00e1rios, o que \u00e9 considerado &#8216;nozes&#8217; tem as mesmas caracter\u00edsticas: carne oleosa e macia, cercada por uma casca externa dura. As nozes tendem a ser densas em energia e fornecem uma variedade de vitaminas e minerais.<\/p>\n<p>Sugest\u00e3o do uso das Nozes Mariposa:<br \/>\nAguarde para descascar ou cortar as Nozes Mariposa at\u00e9 estar pronto para us\u00e1-las. O mesmo se aplica \u00e0 farinha de nozes mo\u00edda; n\u00e3o moa nozes at\u00e9 estar pronto para adicionar a farinha de noz \u00e0 sua receita. Isso ajudar\u00e1 a manter um \u00f3timo sabor.<\/p>\n<p>Cuidados com as Nozes Mariposa:<br \/>\nAs Nozes Mariposa ficam ran\u00e7osas quando expostas a temperaturas quentes por longos per\u00edodos de tempo. O calor faz com que a gordura nas nozes mude a estrutura, o que cria odores e sabores. Nozes frescas cheiram levemente a nozes e t\u00eam um sabor doce. Se suas nozes cheiram a tinta, voc\u00ea sabe que s\u00e3o ran\u00e7osas. E se eles estiverem ran\u00e7osos, voc\u00ea deve jog\u00e1-los fora!<\/p>\n<p>Quantas nozes comer por dia?<br \/>\nA recomenda\u00e7\u00e3o gen\u00e9rica \u00e9 o consumo de 10 nozes pequenas por dia.<\/p>\n<p>Gostou? Fa\u00e7a sua compra agora e receba com todo conforto na sua casa ou trabalho.<\/p>\n","protected":false},"featured_media":582,"comment_status":"open","ping_status":"closed","template":"","meta":[],"product_cat":[22],"product_tag":[],"class_list":{"0":"post-581","1":"product","2":"type-product","3":"status-publish","4":"has-post-thumbnail","6":"product_cat-oleaginosas","8":"first","9":"instock","10":"shipping-taxable","11":"product-type-simple"},"supplier_id":null,"supplier_sku":"","barcode":null,"atum_controlled":true,"out_stock_date":null,"out_stock_threshold":null,"inheritable":false,"inbound_stock":null,"stock_on_hold":0,"sold_today":0,"sales_last_days":0,"reserved_stock":null,"customer_returns":null,"warehouse_damage":null,"lost_in_post":null,"other_logs":null,"out_stock_days":0,"lost_sales":0,"has_location":null,"update_date":"2026-04-05T10:53:01","atum_locations":[],"atum_stock_status":"instock","restock_status":false,"low_stock_amount":"","sales_update_date":"2026-04-05T10:53:01","calc_backorders":null,"_links":{"self":[{"href":"https:\/\/emporiodoturquinho.com.br\/index.php?rest_route=\/wp\/v2\/product\/581","targetHints":{"allow":["GET"]}}],"collection":[{"href":"https:\/\/emporiodoturquinho.com.br\/index.php?rest_route=\/wp\/v2\/product"}],"about":[{"href":"https:\/\/emporiodoturquinho.com.br\/index.php?rest_route=\/wp\/v2\/types\/product"}],"replies":[{"embeddable":true,"href":"https:\/\/emporiodoturquinho.com.br\/index.php?rest_route=%2Fwp%2Fv2%2Fcomments&post=581"}],"wp:featuredmedia":[{"embeddable":true,"href":"https:\/\/emporiodoturquinho.com.br\/index.php?rest_route=\/wp\/v2\/media\/582"}],"wp:attachment":[{"href":"https:\/\/emporiodoturquinho.com.br\/index.php?rest_route=%2Fwp%2Fv2%2Fmedia&parent=581"}],"wp:term":[{"taxonomy":"product_cat","embeddable":true,"href":"https:\/\/emporiodoturquinho.com.br\/index.php?rest_route=%2Fwp%2Fv2%2Fproduct_cat&post=581"},{"taxonomy":"product_tag","embeddable":true,"href":"https:\/\/emporiodoturquinho.com.br\/index.php?rest_route=%2Fwp%2Fv2%2Fproduct_tag&post=581"}],"curies":[{"name":"wp","href":"https:\/\/api.w.org\/{rel}","templated":true}]}}