{"id":544,"date":"2024-01-25T14:58:42","date_gmt":"2024-01-25T17:58:42","guid":{"rendered":"http:\/\/emporiodoturquinho.com.br\/?post_type=product&#038;p=544"},"modified":"2024-01-25T14:58:42","modified_gmt":"2024-01-25T17:58:42","slug":"feijao-moyashi","status":"publish","type":"product","link":"https:\/\/emporiodoturquinho.com.br\/?product=feijao-moyashi","title":{"rendered":"FEIJ\u00c3O MOYASHI"},"content":{"rendered":"<p>VALORES NUTRICIONAIS Conhe\u00e7a os valores nutricionais deste produto<br \/>\nQuantidade por por\u00e7\u00e3o de 60g (1\/2 X\u00edcara de Ch\u00e1) %VD(*)<br \/>\nValor Energ\u00e9tico 210Kcal=879KJ 11<br \/>\nCarboidratos 39g 13<br \/>\nProte\u00ednas 12g 16<br \/>\nGorduras Totais 0g 0<br \/>\nGorduras Saturadas 0g 0<br \/>\nGorduras Trans 0g **<br \/>\nFibra Alimentar 13g 52<br \/>\nS\u00f3dio 0mg 0<br \/>\n(*)% Valores Di\u00e1rios de refer\u00eancia com base em uma dieta de 2.000 kcal ou 8.400 kJ. Seus valores di\u00e1rios podem ser maiores ou menores dependendo de suas necessidades energ\u00e9ticas.<\/p>\n<p>Ingrediente(s): Feij\u00e3o Moyashi.<\/p>\n<p>Ap\u00f3s a abertura, mantenha a embalagem bem fechada. Armazene em local fresco e seco.<\/p>\n<p>AL\u00c9RGICOS: PODE CONTER TRA\u00c7OS DE SOJA, NOZES, CASTANHAS E AMENDOINS.<\/p>\n<p>N\u00c3O CONT\u00c9M GL\u00daTEN.<\/p>\n<p>CARACTER\u00cdSTICAS<br \/>\nSem Gl\u00faten: Sim<br \/>\nVegano: Sim<br \/>\nLow Carb: N\u00e3o<br \/>\nOrg\u00e2nico: N\u00e3o<br \/>\nLivre Transg\u00eanicos: Sim<br \/>\nSem Lactose: Sim<br \/>\nOrigem: Importado<br \/>\nGranel: Sim<\/p>\n","protected":false},"excerpt":{"rendered":"<p>Da fam\u00edlia dos gr\u00e3os, o Feij\u00e3o Moyashi \u00e9 popularmente conhecido como broto de feij\u00e3o aqui no Brasil e \u00e9 um super alimento bastante conhecido na culin\u00e1ria oriental. De cor verde e tamanho um pouco menor que o feij\u00e3o carioca tradicional, o Feij\u00e3o Moyashi vem tomado conta da culin\u00e1ria em v\u00e1rios pratos.<\/p>\n<p>O Feij\u00e3o Moyashi \u00e9 uma das leguminosas mais nutritivas, especialmente em sua forma germinada. Este feij\u00e3o quando germinado potencializa ainda mais suas propriedades t\u00e3o ben\u00e9ficas \u00e0 sa\u00fade.<\/p>\n<p>Quais as propriedades e benef\u00edcios do Feij\u00e3o Moyashi?<br \/>\nO Feij\u00e3o Moyashi \u00e9 um alimento com alto valor nutritivo por conter grandes quantidades de sais minerais com C\u00e1lcio, F\u00f3sforo e Ferro, al\u00e9m de vitaminas do Complexo B. Os sais minerais s\u00e3o importantes para o organismo pois contribuem para a forma\u00e7\u00e3o dos ossos, dentes e sangue. J\u00e1 as vitaminas do Complexo B s\u00e3o essenciais ao crescimento, \u00e0 boa digest\u00e3o, evitam a queda dos cabelos e infec\u00e7\u00f5es da pele. O gr\u00e3o ainda cont\u00e9m quantidades significativas de \u00e1cido f\u00f3lico, vitamina C, vitamina K, f\u00f3sforo e prote\u00ednas.<\/p>\n<p>Sugest\u00e3o de consumo do Feij\u00e3o Moyashi:<br \/>\nDeixe o Feij\u00e3o Moyashi por 12 a 24 horas em alguns litros de \u00e1gua; jogue fora a \u00e1gua, lave o Feij\u00e3o Moyashi e cozinhe em \u00e1gua limpa.<br \/>\nO Feij\u00e3o Moyashi pode ser consumido de diversas formas, como em saladas, tutus, virados, cozido com calabresa e com sopas.<\/p>\n<p>Gostou? Fa\u00e7a sua compra agora e receba com todo conforto na sua casa ou trabalho.<\/p>\n","protected":false},"featured_media":545,"comment_status":"open","ping_status":"closed","template":"","meta":[],"product_cat":[31],"product_tag":[],"class_list":{"0":"post-544","1":"product","2":"type-product","3":"status-publish","4":"has-post-thumbnail","6":"product_cat-leguminosas","8":"first","9":"instock","10":"shipping-taxable","11":"product-type-simple"},"supplier_id":null,"supplier_sku":"","barcode":null,"atum_controlled":true,"out_stock_date":null,"out_stock_threshold":null,"inheritable":false,"inbound_stock":null,"stock_on_hold":0,"sold_today":0,"sales_last_days":0,"reserved_stock":null,"customer_returns":null,"warehouse_damage":null,"lost_in_post":null,"other_logs":null,"out_stock_days":0,"lost_sales":0,"has_location":null,"update_date":"2026-04-22T12:24:26","atum_locations":[],"atum_stock_status":"instock","restock_status":false,"low_stock_amount":"","sales_update_date":"2026-04-22T12:24:26","calc_backorders":null,"_links":{"self":[{"href":"https:\/\/emporiodoturquinho.com.br\/index.php?rest_route=\/wp\/v2\/product\/544","targetHints":{"allow":["GET"]}}],"collection":[{"href":"https:\/\/emporiodoturquinho.com.br\/index.php?rest_route=\/wp\/v2\/product"}],"about":[{"href":"https:\/\/emporiodoturquinho.com.br\/index.php?rest_route=\/wp\/v2\/types\/product"}],"replies":[{"embeddable":true,"href":"https:\/\/emporiodoturquinho.com.br\/index.php?rest_route=%2Fwp%2Fv2%2Fcomments&post=544"}],"wp:featuredmedia":[{"embeddable":true,"href":"https:\/\/emporiodoturquinho.com.br\/index.php?rest_route=\/wp\/v2\/media\/545"}],"wp:attachment":[{"href":"https:\/\/emporiodoturquinho.com.br\/index.php?rest_route=%2Fwp%2Fv2%2Fmedia&parent=544"}],"wp:term":[{"taxonomy":"product_cat","embeddable":true,"href":"https:\/\/emporiodoturquinho.com.br\/index.php?rest_route=%2Fwp%2Fv2%2Fproduct_cat&post=544"},{"taxonomy":"product_tag","embeddable":true,"href":"https:\/\/emporiodoturquinho.com.br\/index.php?rest_route=%2Fwp%2Fv2%2Fproduct_tag&post=544"}],"curies":[{"name":"wp","href":"https:\/\/api.w.org\/{rel}","templated":true}]}}