{"id":513,"date":"2024-01-25T14:37:08","date_gmt":"2024-01-25T17:37:08","guid":{"rendered":"http:\/\/emporiodoturquinho.com.br\/?post_type=product&#038;p=513"},"modified":"2024-01-25T14:37:08","modified_gmt":"2024-01-25T17:37:08","slug":"maca-desidratada","status":"publish","type":"product","link":"https:\/\/emporiodoturquinho.com.br\/?product=maca-desidratada","title":{"rendered":"MA\u00c7A DESIDRATADA"},"content":{"rendered":"<p>VALORES NUTRICIONAIS Conhe\u00e7a os valores nutricionais deste produto<br \/>\nQuantidade por por\u00e7\u00e3o de 30g (3 Unidades) %VD(*)<br \/>\nValor Energ\u00e9tico 80Kcal=334kJ 4<br \/>\nCarboidratos 21g 7<br \/>\nProte\u00ednas 1g 1<br \/>\nGorduras Totais 0g 0<br \/>\nGorduras Saturadas 0g 0<br \/>\nGorduras Trans 0g **<br \/>\nFibra Alimentar 2g 8<br \/>\nS\u00f3dio 0mg 0<br \/>\n(*)% Valores Di\u00e1rios de refer\u00eancia com base em uma dieta de 2.000 kcal ou 8.400 kJ. Seus valores di\u00e1rios podem ser maiores ou menores dependendo de suas necessidades energ\u00e9ticas.<\/p>\n<p>Ingrediente(s): Ma\u00e7\u00e3 desidratada.<\/p>\n<p>Ap\u00f3s a abertura, mantenha a embalagem bem fechada. Armazene em local fresco e seco.<\/p>\n<p>AL\u00c9RGICOS: PODE CONTER TRA\u00c7OS DE CENTEIO, CEVADA, SOJA, NOZES, CASTANHAS E AMENDOINS.<\/p>\n<p>N\u00c3O CONT\u00c9M GL\u00daTEN.<\/p>\n<p>CARACTER\u00cdSTICAS<br \/>\nSem Gl\u00faten: Sim<br \/>\nVegano: Sim<br \/>\nLow Carb: N\u00e3o<br \/>\nOrg\u00e2nico: N\u00e3o<br \/>\nLivre Transg\u00eanicos: Sim<br \/>\nSem Lactose: Sim<br \/>\nOrigem: Nacional<br \/>\nGranel: Sim<\/p>\n","protected":false},"excerpt":{"rendered":"<p>A Ma\u00e7\u00e3 Desidratada em Rodelas \u00e9 a fruta in-natura desidratada e fatiada em rodelas para facilitar o consumo. \u00c9 ideal para comer no lanche da manh\u00e3 ou lanche da tarde!<\/p>\n<p>As frutas desidratadas s\u00e3o em tudo mais concentradas que no seu estado fresco, por conter menos \u00e1gua. Todo o sabor da fruta e suas propriedades nutricionais s\u00e3o mantidos, fazendo da fruta desidratada um produto natural e saud\u00e1vel.<\/p>\n<p>\u00c9 livre de conservantes, sem aditivos artificiais e sem adi\u00e7\u00e3o de a\u00e7\u00facar em sua fabrica\u00e7\u00e3o.<\/p>\n<p>J\u00e1 vem pronta para o consumo e pode ser armazenada na gaveta da sua escrivaninha!<\/p>\n<p>Quais os benef\u00edcios da Ma\u00e7\u00e3 Desidratada em Rodelas?<br \/>\nA Ma\u00e7\u00e3 Desidratada em Rodelas cont\u00e9m fibras sol\u00faveis assim como n\u00e3o sol\u00faveis. As fibras presentes na ma\u00e7\u00e3 s\u00e3o um forte aliado contra os altos n\u00edveis de colesterol. Estudos realizados sustentam a hip\u00f3tese de reduzir 16% o n\u00edvel de colesterol com apenas 2 ma\u00e7\u00e3s na alimenta\u00e7\u00e3o di\u00e1ria!<\/p>\n<p>As ma\u00e7\u00e3s s\u00e3o uma fonte muito rica e importante de fito-nutrientes, incluindo flavonoides e fen\u00f3is. H\u00e1 muito que se sabe que a ma\u00e7\u00e3 \u00e9 uma excelente fonte de flavonoides que agem como antioxidantes varrendo os radicais livres do organismo. Nos EUA foram consideradas como tendo o segundo n\u00edvel mais alto de atividade antioxidante. A capacidade antioxidante de 100 g de ma\u00e7\u00e3 (com casca) equivale ao efeito antioxidante de 1500 mg de vitamina C.<\/p>\n<p>Gostou? Fa\u00e7a sua compra agora e receba com todo conforto na sua casa ou trabalho.<\/p>\n","protected":false},"featured_media":514,"comment_status":"open","ping_status":"closed","template":"","meta":[],"product_cat":[77],"product_tag":[],"class_list":{"0":"post-513","1":"product","2":"type-product","3":"status-publish","4":"has-post-thumbnail","6":"product_cat-frutas-desidratadas","8":"first","9":"instock","10":"shipping-taxable","11":"product-type-simple"},"supplier_id":null,"supplier_sku":"","barcode":null,"atum_controlled":true,"out_stock_date":null,"out_stock_threshold":null,"inheritable":false,"inbound_stock":null,"stock_on_hold":0,"sold_today":0,"sales_last_days":0,"reserved_stock":null,"customer_returns":null,"warehouse_damage":null,"lost_in_post":null,"other_logs":null,"out_stock_days":0,"lost_sales":0,"has_location":null,"update_date":"2026-04-22T12:24:23","atum_locations":[],"atum_stock_status":"instock","restock_status":false,"low_stock_amount":"","sales_update_date":"2026-04-22T12:24:23","calc_backorders":null,"_links":{"self":[{"href":"https:\/\/emporiodoturquinho.com.br\/index.php?rest_route=\/wp\/v2\/product\/513","targetHints":{"allow":["GET"]}}],"collection":[{"href":"https:\/\/emporiodoturquinho.com.br\/index.php?rest_route=\/wp\/v2\/product"}],"about":[{"href":"https:\/\/emporiodoturquinho.com.br\/index.php?rest_route=\/wp\/v2\/types\/product"}],"replies":[{"embeddable":true,"href":"https:\/\/emporiodoturquinho.com.br\/index.php?rest_route=%2Fwp%2Fv2%2Fcomments&post=513"}],"wp:featuredmedia":[{"embeddable":true,"href":"https:\/\/emporiodoturquinho.com.br\/index.php?rest_route=\/wp\/v2\/media\/514"}],"wp:attachment":[{"href":"https:\/\/emporiodoturquinho.com.br\/index.php?rest_route=%2Fwp%2Fv2%2Fmedia&parent=513"}],"wp:term":[{"taxonomy":"product_cat","embeddable":true,"href":"https:\/\/emporiodoturquinho.com.br\/index.php?rest_route=%2Fwp%2Fv2%2Fproduct_cat&post=513"},{"taxonomy":"product_tag","embeddable":true,"href":"https:\/\/emporiodoturquinho.com.br\/index.php?rest_route=%2Fwp%2Fv2%2Fproduct_tag&post=513"}],"curies":[{"name":"wp","href":"https:\/\/api.w.org\/{rel}","templated":true}]}}