{"id":497,"date":"2024-01-25T14:21:14","date_gmt":"2024-01-25T17:21:14","guid":{"rendered":"http:\/\/emporiodoturquinho.com.br\/?post_type=product&#038;p=497"},"modified":"2024-01-25T14:21:14","modified_gmt":"2024-01-25T17:21:14","slug":"damasco-turco","status":"publish","type":"product","link":"https:\/\/emporiodoturquinho.com.br\/?product=damasco-turco","title":{"rendered":"DAMASCO TURCO"},"content":{"rendered":"<p>VALORES NUTRICIONAIS Conhe\u00e7a os valores nutricionais deste produto<br \/>\nQuantidade por por\u00e7\u00e3o de 30g (4 Unidades) %VD(*)<br \/>\nValor Energ\u00e9tico 72Kcal=301kj 4<br \/>\nCarboidratos 19g 6<br \/>\nProte\u00ednas 1g 1<br \/>\nGorduras Totais 0g 0<br \/>\nGorduras Saturadas 0g 0<br \/>\nGorduras Trans 0g **<br \/>\nFibra Alimentar 2.2g 9<br \/>\nS\u00f3dio 0mg 0<br \/>\n(*)% Valores Di\u00e1rios de refer\u00eancia com base em uma dieta de 2.000 kcal ou 8.400 kJ. Seus valores di\u00e1rios podem ser maiores ou menores dependendo de suas necessidades energ\u00e9ticas.<\/p>\n<p>Ingrediente(s): Damascos e di\u00f3xido de enxofre.<\/p>\n<p>Ap\u00f3s a abertura, mantenha a embalagem bem fechada. Armazene em local fresco e seco.<\/p>\n<p>AL\u00c9RGICOS: PODE CONTER TRA\u00c7OS DE CENTEIO, CEVADA, SOJA, NOZES, CASTANHAS E AMENDOINS.<\/p>\n<p>N\u00c3O CONT\u00c9M GL\u00daTEN.<\/p>\n<p>CARACTER\u00cdSTICAS<br \/>\nSem Gl\u00faten: Sim<br \/>\nVegano: Sim<br \/>\nLow Carb: N\u00e3o<br \/>\nOrg\u00e2nico: N\u00e3o<br \/>\nLivre Transg\u00eanicos: Sim<br \/>\nSem Lactose: Sim<br \/>\nOrigem: Importado<br \/>\nGranel: Sim<\/p>\n","protected":false},"excerpt":{"rendered":"<p>O Damasco Seco ou Damasco Turco \u00e9 uma fruta redonda e amarela, parecida com uma vers\u00e3o menor de um p\u00eassego, mas possui a acidez das ameixas roxas. S\u00e3o extremamente nutritivos e trazem muitos benef\u00edcios \u00e0 sa\u00fade!<\/p>\n<p>Qual a diferen\u00e7a entre o Damasco e o P\u00eassego?<br \/>\nAmbos fazem parte da fam\u00edlia dos Rosaceae (a mesma das ma\u00e7\u00e3s, por exemplo). Embora sejam semelhantes em cor e forma, eles t\u00eam suas pr\u00f3prias caracter\u00edsticas \u00fanicas.<\/p>\n<p>A diferen\u00e7a mais not\u00e1vel entre damascos e p\u00eassegos \u00e9 o sabor.<\/p>\n<p>Os damascos t\u00eam 1\/4 do tamanho de um p\u00eassego pequeno e t\u00eam muito menos calorias. As pessoas podem comer v\u00e1rios damascos de uma s\u00f3 vez &#8211; enquanto eles podem se limitar a apenas um p\u00eassego. Os p\u00eassegos t\u00eam um teor de a\u00e7\u00facar mais alto do que os damascos, o que lhes confere um sabor mais doce. Um pequeno p\u00eassego (130 gramas) cont\u00e9m 11g de a\u00e7\u00facar, enquanto 1 damasco (35 gramas) cont\u00e9m apenas 3g de a\u00e7\u00facar.<\/p>\n<p>Quais as propriedades do Damasco?<br \/>\nOs Damascos s\u00e3o uma das melhores fontes de vitamina A, devido \u00e0 presen\u00e7a de beta-caroteno. Tr\u00eas damascos proporcionam 30% da quantidade recomendada por dia de vitamina A! Eles tamb\u00e9m s\u00e3o uma excelente fonte de vitamina E, B2 (riboflavina), vitamina C e licopeno. O Damasco Desidratado \u00e9 ainda mais nutritivo, pois cont\u00eam todas estas vitaminas em doses concentradas.<\/p>\n<p>Como se come o Damasco Seco?<br \/>\nO Damasco Seco ou Damasco Turco combina bem com pratos doces e salgados. Tortas, bolos, pav\u00eas e cremes! Pode ser consumido como aperitivo ou cortado, inserido em massas de in\u00fameras receitas.<\/p>\n<p>Gostou? Fa\u00e7a sua compra agora e receba com todo conforto na sua casa ou trabalho.<\/p>\n","protected":false},"featured_media":498,"comment_status":"open","ping_status":"closed","template":"","meta":[],"product_cat":[63,77],"product_tag":[],"class_list":{"0":"post-497","1":"product","2":"type-product","3":"status-publish","4":"has-post-thumbnail","6":"product_cat-cozinhar-e-temperar","7":"product_cat-frutas-desidratadas","9":"first","10":"instock","11":"shipping-taxable","12":"product-type-simple"},"supplier_id":null,"supplier_sku":"","barcode":null,"atum_controlled":true,"out_stock_date":null,"out_stock_threshold":null,"inheritable":false,"inbound_stock":null,"stock_on_hold":0,"sold_today":0,"sales_last_days":0,"reserved_stock":null,"customer_returns":null,"warehouse_damage":null,"lost_in_post":null,"other_logs":null,"out_stock_days":0,"lost_sales":0,"has_location":null,"update_date":"2026-04-22T12:24:23","atum_locations":[],"atum_stock_status":"instock","restock_status":false,"low_stock_amount":"","sales_update_date":"2026-04-22T12:24:23","calc_backorders":null,"_links":{"self":[{"href":"https:\/\/emporiodoturquinho.com.br\/index.php?rest_route=\/wp\/v2\/product\/497","targetHints":{"allow":["GET"]}}],"collection":[{"href":"https:\/\/emporiodoturquinho.com.br\/index.php?rest_route=\/wp\/v2\/product"}],"about":[{"href":"https:\/\/emporiodoturquinho.com.br\/index.php?rest_route=\/wp\/v2\/types\/product"}],"replies":[{"embeddable":true,"href":"https:\/\/emporiodoturquinho.com.br\/index.php?rest_route=%2Fwp%2Fv2%2Fcomments&post=497"}],"wp:featuredmedia":[{"embeddable":true,"href":"https:\/\/emporiodoturquinho.com.br\/index.php?rest_route=\/wp\/v2\/media\/498"}],"wp:attachment":[{"href":"https:\/\/emporiodoturquinho.com.br\/index.php?rest_route=%2Fwp%2Fv2%2Fmedia&parent=497"}],"wp:term":[{"taxonomy":"product_cat","embeddable":true,"href":"https:\/\/emporiodoturquinho.com.br\/index.php?rest_route=%2Fwp%2Fv2%2Fproduct_cat&post=497"},{"taxonomy":"product_tag","embeddable":true,"href":"https:\/\/emporiodoturquinho.com.br\/index.php?rest_route=%2Fwp%2Fv2%2Fproduct_tag&post=497"}],"curies":[{"name":"wp","href":"https:\/\/api.w.org\/{rel}","templated":true}]}}