{"id":460,"date":"2024-01-25T13:54:24","date_gmt":"2024-01-25T16:54:24","guid":{"rendered":"http:\/\/emporiodoturquinho.com.br\/?post_type=product&#038;p=460"},"modified":"2024-01-25T13:54:24","modified_gmt":"2024-01-25T16:54:24","slug":"psyllium-em-flocos","status":"publish","type":"product","link":"https:\/\/emporiodoturquinho.com.br\/?product=psyllium-em-flocos","title":{"rendered":"PSYLLIUM EM FLOCOS"},"content":{"rendered":"<p>VALORES NUTRICIONAIS Conhe\u00e7a os valores nutricionais deste produto<br \/>\nQuantidade por por\u00e7\u00e3o de 10g (1 Colher de Sopa) %VD(*)<br \/>\nValor Energ\u00e9tico 5Kcal=21KJ 0<br \/>\nCarboidratos 0g 0<br \/>\nProte\u00ednas 0g 0<br \/>\nGorduras Totais 0g 0<br \/>\nGorduras Saturadas 0g 0<br \/>\nGorduras Trans 0g **<br \/>\nFibra Alimentar 7.5g 30<br \/>\nS\u00f3dio 11mg 1<br \/>\n(*)% Valores Di\u00e1rios de refer\u00eancia com base em uma dieta de 2.000 kcal ou 8.400 kJ. Seus valores di\u00e1rios podem ser maiores ou menores dependendo de suas necessidades energ\u00e9ticas.<\/p>\n<p>Ingrediente(s): Psyllium em Flocos.<\/p>\n<p>Ap\u00f3s a abertura, mantenha a embalagem bem fechada. Armazene em local fresco e seco.<\/p>\n<p>AL\u00c9RGICOS: PODE CONTER TRA\u00c7OS DE SOJA, NOZES, CASTANHAS E AMENDOINS.<\/p>\n<p>N\u00c3O CONT\u00c9M GL\u00daTEN.<\/p>\n<p>CARACTER\u00cdSTICAS<br \/>\nSem Gl\u00faten: Sim<br \/>\nVegano: Sim<br \/>\nLow Carb: Sim<br \/>\nOrg\u00e2nico: N\u00e3o<br \/>\nLivre Transg\u00eanicos: Sim<br \/>\nSem Lactose: Sim<br \/>\nOrigem: Importado<br \/>\nGranel: Sim<\/p>\n","protected":false},"excerpt":{"rendered":"<p>O psyllium \u00e9 uma fibra sol\u00favel extra\u00edda da casca das sementes da planta Plantago Ovata e possui caracter\u00edstica higrosc\u00f3pica (capacidade de absorver \u00e1gua), permitindo que se expanda e produza mucilagem (subst\u00e2ncia pegajosa produzida por quase todos os vegetais).<\/p>\n<p>Como consumir o Psyllium em Flocos?<br \/>\nA quantidade di\u00e1ria indicada de psyllium \u00e9 de uma colher de sopa por dia, o equivalente a 9 gramas.<\/p>\n<p>Quais as propriedades do Psyllium em Flocos?<br \/>\nA a\u00e7\u00e3o do psyllium em \u00e2mbito intestinal est\u00e1 ligada \u00e0s mol\u00e9culas de carboidratos, gorduras e a\u00e7\u00facares, pois o psyllium o &#8221;envolve&#8221; formando um gel denso e o organismo puxa esse alimento para baixo, ou seja, for\u00e7ando sua elimina\u00e7\u00e3o atrav\u00e9s das fezes. As fibras do alimento tamb\u00e9m podem desacelerar a absor\u00e7\u00e3o de carboidratos e ajudar a diminuir os n\u00edveis de a\u00e7\u00facar no sangue que ocorre ap\u00f3s as refei\u00e7\u00f5es.<\/p>\n<p>Gostou? Fa\u00e7a sua compra agora e receba com todo conforto na sua casa ou trabalho.<\/p>\n","protected":false},"featured_media":461,"comment_status":"open","ping_status":"closed","template":"","meta":[],"product_cat":[63,71],"product_tag":[],"class_list":{"0":"post-460","1":"product","2":"type-product","3":"status-publish","4":"has-post-thumbnail","6":"product_cat-cozinhar-e-temperar","7":"product_cat-temperos-e-especiarias","9":"first","10":"instock","11":"shipping-taxable","12":"product-type-simple"},"supplier_id":null,"supplier_sku":"","barcode":null,"atum_controlled":true,"out_stock_date":null,"out_stock_threshold":null,"inheritable":false,"inbound_stock":null,"stock_on_hold":0,"sold_today":0,"sales_last_days":0,"reserved_stock":null,"customer_returns":null,"warehouse_damage":null,"lost_in_post":null,"other_logs":null,"out_stock_days":0,"lost_sales":0,"has_location":null,"update_date":"2026-04-22T12:24:24","atum_locations":[],"atum_stock_status":"instock","restock_status":false,"low_stock_amount":"","sales_update_date":"2026-04-22T12:24:24","calc_backorders":null,"_links":{"self":[{"href":"https:\/\/emporiodoturquinho.com.br\/index.php?rest_route=\/wp\/v2\/product\/460","targetHints":{"allow":["GET"]}}],"collection":[{"href":"https:\/\/emporiodoturquinho.com.br\/index.php?rest_route=\/wp\/v2\/product"}],"about":[{"href":"https:\/\/emporiodoturquinho.com.br\/index.php?rest_route=\/wp\/v2\/types\/product"}],"replies":[{"embeddable":true,"href":"https:\/\/emporiodoturquinho.com.br\/index.php?rest_route=%2Fwp%2Fv2%2Fcomments&post=460"}],"wp:featuredmedia":[{"embeddable":true,"href":"https:\/\/emporiodoturquinho.com.br\/index.php?rest_route=\/wp\/v2\/media\/461"}],"wp:attachment":[{"href":"https:\/\/emporiodoturquinho.com.br\/index.php?rest_route=%2Fwp%2Fv2%2Fmedia&parent=460"}],"wp:term":[{"taxonomy":"product_cat","embeddable":true,"href":"https:\/\/emporiodoturquinho.com.br\/index.php?rest_route=%2Fwp%2Fv2%2Fproduct_cat&post=460"},{"taxonomy":"product_tag","embeddable":true,"href":"https:\/\/emporiodoturquinho.com.br\/index.php?rest_route=%2Fwp%2Fv2%2Fproduct_tag&post=460"}],"curies":[{"name":"wp","href":"https:\/\/api.w.org\/{rel}","templated":true}]}}