{"id":424,"date":"2024-01-25T13:31:51","date_gmt":"2024-01-25T16:31:51","guid":{"rendered":"http:\/\/emporiodoturquinho.com.br\/?post_type=product&#038;p=424"},"modified":"2024-01-25T13:31:51","modified_gmt":"2024-01-25T16:31:51","slug":"gergelim-branco","status":"publish","type":"product","link":"https:\/\/emporiodoturquinho.com.br\/?product=gergelim-branco","title":{"rendered":"GERGELIM BRANCO"},"content":{"rendered":"<p>VALORES NUTRICIONAIS Conhe\u00e7a os valores nutricionais deste produto<br \/>\nQuantidade por por\u00e7\u00e3o de 8g (1 Colher de Sopa) %VD(*)<br \/>\nValor Energ\u00e9tico 50Kcal=209KJ 3<br \/>\nCarboidratos 1g 0<br \/>\nProte\u00ednas 2g 3<br \/>\nGorduras Totais 5g 9<br \/>\nGorduras Saturadas 1g 5<br \/>\nGorduras Trans 0g **<br \/>\nFibra Alimentar 1g 4<br \/>\nS\u00f3dio 4mg 0<br \/>\n(*)% Valores Di\u00e1rios de refer\u00eancia com base em uma dieta de 2.000 kcal ou 8.400 kJ. Seus valores di\u00e1rios podem ser maiores ou menores dependendo de suas necessidades energ\u00e9ticas.<\/p>\n<p>Ingrediente(s): Gergelim branco descascado.<\/p>\n<p>Ap\u00f3s a abertura, mantenha a embalagem bem fechada. Armazene em local fresco e seco.<\/p>\n<p>AL\u00c9RGICOS: PODE CONTER TRA\u00c7OS DE SOJA, NOZES, CASTANHAS E AMENDOINS.<\/p>\n<p>N\u00c3O CONT\u00c9M GL\u00daTEN.<\/p>\n<p>CARACTER\u00cdSTICAS<br \/>\nSem Gl\u00faten: Sim<br \/>\nVegano: Sim<br \/>\nLow Carb: Sim<br \/>\nOrg\u00e2nico: N\u00e3o<br \/>\nLivre Transg\u00eanicos: Sim<br \/>\nSem Lactose: Sim<br \/>\nOrigem: Importado<br \/>\nGranel: Sim<\/p>\n","protected":false},"excerpt":{"rendered":"<p>O Gergelim Branco \u00e9 rico em mangan\u00eas, cobre, c\u00e1lcio, ferro, fibras e vitaminas A, B1, B2 e E. O gergelim \u00e9 rico em \u00f3leo saud\u00e1veis, dos quais 40% s\u00e3o constitu\u00eddos de \u00e1cido linoleico, \u00e1cido linol\u00eanico, \u00e1cido oleico, entre outros, que cont\u00e9m um poderoso antioxidante (chamados &#8216;lignans&#8217; em ingl\u00eas).<\/p>\n<p>O gergelim tamb\u00e9m contem fito-ester\u00f3is, que bloqueiam a produ\u00e7\u00e3o de colesterol. Os nutrientes do gergelim s\u00e3o melhores absorvidos se triturados antes do consumo.<\/p>\n<p>Como usar o Gergelim Branco?<br \/>\nRecomenda-se utilizar o Gergelim Branco salpicado em saladas, p\u00e3es, molhos, e etc. Pode ser utilizado em sua forma bruta ou triturada. Um pequeno punhado da semente j\u00e1 permite que voc\u00ea possa usufruir dos benef\u00edcios.<\/p>\n<p>Em que usar o Gergelim Branco?<br \/>\nO Gergelim Branco possui sabor neutro, n\u00e3o alterando assim o sabor do prato em que o for inserido. Pode ser adicionado ao seu iogurte, arroz, saladas, barras de cereais, mingau, nas receitas de hummus entre outras.<\/p>\n<p>Gostou? Fa\u00e7a sua compra agora e receba com todo conforto na sua casa ou trabalho.<\/p>\n","protected":false},"featured_media":425,"comment_status":"open","ping_status":"closed","template":"","meta":[],"product_cat":[63,71],"product_tag":[],"class_list":{"0":"post-424","1":"product","2":"type-product","3":"status-publish","4":"has-post-thumbnail","6":"product_cat-cozinhar-e-temperar","7":"product_cat-temperos-e-especiarias","9":"first","10":"instock","11":"shipping-taxable","12":"product-type-simple"},"supplier_id":null,"supplier_sku":"","barcode":null,"atum_controlled":true,"out_stock_date":null,"out_stock_threshold":null,"inheritable":false,"inbound_stock":null,"stock_on_hold":0,"sold_today":0,"sales_last_days":0,"reserved_stock":null,"customer_returns":null,"warehouse_damage":null,"lost_in_post":null,"other_logs":null,"out_stock_days":0,"lost_sales":0,"has_location":null,"update_date":"2026-04-22T12:24:23","atum_locations":[],"atum_stock_status":"instock","restock_status":false,"low_stock_amount":"","sales_update_date":"2026-04-22T12:24:23","calc_backorders":null,"_links":{"self":[{"href":"https:\/\/emporiodoturquinho.com.br\/index.php?rest_route=\/wp\/v2\/product\/424","targetHints":{"allow":["GET"]}}],"collection":[{"href":"https:\/\/emporiodoturquinho.com.br\/index.php?rest_route=\/wp\/v2\/product"}],"about":[{"href":"https:\/\/emporiodoturquinho.com.br\/index.php?rest_route=\/wp\/v2\/types\/product"}],"replies":[{"embeddable":true,"href":"https:\/\/emporiodoturquinho.com.br\/index.php?rest_route=%2Fwp%2Fv2%2Fcomments&post=424"}],"wp:featuredmedia":[{"embeddable":true,"href":"https:\/\/emporiodoturquinho.com.br\/index.php?rest_route=\/wp\/v2\/media\/425"}],"wp:attachment":[{"href":"https:\/\/emporiodoturquinho.com.br\/index.php?rest_route=%2Fwp%2Fv2%2Fmedia&parent=424"}],"wp:term":[{"taxonomy":"product_cat","embeddable":true,"href":"https:\/\/emporiodoturquinho.com.br\/index.php?rest_route=%2Fwp%2Fv2%2Fproduct_cat&post=424"},{"taxonomy":"product_tag","embeddable":true,"href":"https:\/\/emporiodoturquinho.com.br\/index.php?rest_route=%2Fwp%2Fv2%2Fproduct_tag&post=424"}],"curies":[{"name":"wp","href":"https:\/\/api.w.org\/{rel}","templated":true}]}}