{"id":357,"date":"2024-01-25T10:06:06","date_gmt":"2024-01-25T13:06:06","guid":{"rendered":"http:\/\/emporiodoturquinho.com.br\/?post_type=product&#038;p=357"},"modified":"2024-01-25T10:06:06","modified_gmt":"2024-01-25T13:06:06","slug":"pimenta-rosa-em-graos","status":"publish","type":"product","link":"https:\/\/emporiodoturquinho.com.br\/?product=pimenta-rosa-em-graos","title":{"rendered":"PIMENTA ROSA EM GR\u00c3OS"},"content":{"rendered":"<p>VALORES NUTRICIONAIS Conhe\u00e7a os valores nutricionais deste produto<br \/>\nQuantidade por por\u00e7\u00e3o de 1g (1 Colher de Caf\u00e9) %VD(*)<br \/>\nValor Energ\u00e9tico 0Kcal 0<br \/>\nCarboidratos 0g 0<br \/>\nProte\u00ednas 0g 0<br \/>\nGorduras Totais 0g 0<br \/>\nGorduras Saturadas 0g 0<br \/>\nGorduras Trans 0g **<br \/>\nFibra Alimentar 0g 0<br \/>\nS\u00f3dio 0mg 0<br \/>\n(*)% Valores Di\u00e1rios de refer\u00eancia com base em uma dieta de 2.000 kcal ou 8.400 kJ. Seus valores di\u00e1rios podem ser maiores ou menores dependendo de suas necessidades energ\u00e9ticas.<\/p>\n<p>Ingrediente(s): Pimenta Rosa em Gr\u00e3os.<\/p>\n<p>Ap\u00f3s a abertura, mantenha a embalagem bem fechada. Armazene em local fresco e seco.<\/p>\n<p>AL\u00c9RGICOS: PODE CONTER TRA\u00c7OS DE SOJA, NOZES, CASTANHAS E AMENDOINS.<\/p>\n<p>N\u00c3O CONT\u00c9M GL\u00daTEN.<\/p>\n<p>CARACTER\u00cdSTICAS<br \/>\nSem Gl\u00faten: Sim<br \/>\nVegano: Sim<br \/>\nLow Carb: Sim<br \/>\nOrg\u00e2nico: N\u00e3o<br \/>\nLivre Transg\u00eanicos: Sim<br \/>\nSem Lactose: Sim<br \/>\nOrigem: Importado<br \/>\nGranel: Sim<\/p>\n","protected":false},"excerpt":{"rendered":"<p>A Pimenta Rosa pertence \u00e0 fam\u00edlia Anacardiacee e \u00e9 nativa do Peru e Chile. N\u00e3o \u00e9 uma variedade de pimenta: leva o nome por causa da semelhan\u00e7a de seus frutos, mas eles t\u00eam textura e sabor totalmente diferentes. Tamb\u00e9m \u00e9 cultivado em outras partes da Am\u00e9rica, na \u00c1frica e em alguns pa\u00edses do Mediterr\u00e2neo.<br \/>\n\u00c9 uma pequena \u00e1rvore perene com folhas arom\u00e1ticas e cachos de frutas rosadas. \u00c9 notavelmente capaz de se adaptar e tende a ser bastante invasivo, de modo que em alguns estados (Fl\u00f3rida, Austr\u00e1lia) seu cultivo \u00e9 controlado, a fim de proteger a flora existente e n\u00e3o criar problemas ambientais.<\/p>\n<p>Como consumir a Pimenta Rosa em Gr\u00e3os?<br \/>\nA Pimenta Rosa \u00e9 levemente picante e tem um aroma t\u00edpico doce-resinoso. Suas bagas devem ser Utilizadas com modera\u00e7\u00e3o. A pimenta rosa \u00e9 Utilizada para dar sabor a receitas de peixe, risoto, carnes, panifica\u00e7\u00e3o e bolos, vinagres, vinhos. A mistura \u201ccrioulo\u201d \u00e9 composta por pimenta preta, pimenta branca, pimenta verde e pimenta rosa. \u00c9 frequentemente usado para decorar pratos.<\/p>\n<p>Quais as propriedades da Pimenta Rosa em Gr\u00e3os?<br \/>\nA pimenta rosa cont\u00e9m uma maior concentra\u00e7\u00e3o de vitamina C que a encontrada na laranja. Al\u00e9m dela, a pimenta tem em sua composi\u00e7\u00e3o vitamina A, B1, B2 e E. C\u00e1lcio, ferro, caroteno, tiamina, niacina, riboflavina e fibras s\u00e3o alguns dos minerais encontrados na pimenta.<\/p>\n<p>Gostou? Fa\u00e7a sua compra agora e receba com todo conforto na sua casa ou trabalho.<\/p>\n","protected":false},"featured_media":358,"comment_status":"open","ping_status":"closed","template":"","meta":[],"product_cat":[63,76],"product_tag":[],"class_list":{"0":"post-357","1":"product","2":"type-product","3":"status-publish","4":"has-post-thumbnail","6":"product_cat-cozinhar-e-temperar","7":"product_cat-graos","9":"first","10":"instock","11":"shipping-taxable","12":"product-type-simple"},"supplier_id":null,"supplier_sku":"","barcode":null,"atum_controlled":true,"out_stock_date":null,"out_stock_threshold":null,"inheritable":false,"inbound_stock":null,"stock_on_hold":0,"sold_today":0,"sales_last_days":0,"reserved_stock":null,"customer_returns":null,"warehouse_damage":null,"lost_in_post":null,"other_logs":null,"out_stock_days":0,"lost_sales":0,"has_location":null,"update_date":"2026-04-22T12:24:24","atum_locations":[],"atum_stock_status":"instock","restock_status":false,"low_stock_amount":"","sales_update_date":"2026-04-22T12:24:24","calc_backorders":null,"_links":{"self":[{"href":"https:\/\/emporiodoturquinho.com.br\/index.php?rest_route=\/wp\/v2\/product\/357","targetHints":{"allow":["GET"]}}],"collection":[{"href":"https:\/\/emporiodoturquinho.com.br\/index.php?rest_route=\/wp\/v2\/product"}],"about":[{"href":"https:\/\/emporiodoturquinho.com.br\/index.php?rest_route=\/wp\/v2\/types\/product"}],"replies":[{"embeddable":true,"href":"https:\/\/emporiodoturquinho.com.br\/index.php?rest_route=%2Fwp%2Fv2%2Fcomments&post=357"}],"wp:featuredmedia":[{"embeddable":true,"href":"https:\/\/emporiodoturquinho.com.br\/index.php?rest_route=\/wp\/v2\/media\/358"}],"wp:attachment":[{"href":"https:\/\/emporiodoturquinho.com.br\/index.php?rest_route=%2Fwp%2Fv2%2Fmedia&parent=357"}],"wp:term":[{"taxonomy":"product_cat","embeddable":true,"href":"https:\/\/emporiodoturquinho.com.br\/index.php?rest_route=%2Fwp%2Fv2%2Fproduct_cat&post=357"},{"taxonomy":"product_tag","embeddable":true,"href":"https:\/\/emporiodoturquinho.com.br\/index.php?rest_route=%2Fwp%2Fv2%2Fproduct_tag&post=357"}],"curies":[{"name":"wp","href":"https:\/\/api.w.org\/{rel}","templated":true}]}}