{"id":353,"date":"2024-01-25T10:04:38","date_gmt":"2024-01-25T13:04:38","guid":{"rendered":"http:\/\/emporiodoturquinho.com.br\/?post_type=product&#038;p=353"},"modified":"2024-01-25T10:04:38","modified_gmt":"2024-01-25T13:04:38","slug":"pimentao-do-reino-em-graos","status":"publish","type":"product","link":"https:\/\/emporiodoturquinho.com.br\/?product=pimentao-do-reino-em-graos","title":{"rendered":"PIMENTAO DO REINO EM GR\u00c3OS"},"content":{"rendered":"<p>VALORES NUTRICIONAIS Conhe\u00e7a os valores nutricionais deste produto<br \/>\nQuantidade por por\u00e7\u00e3o de 0g (0 Colher de Sopa) %VD(*)<br \/>\nValor Energ\u00e9tico 0Kcal=0KJ 0<br \/>\nCarboidratos 0g 0<br \/>\nProte\u00ednas 0g 0<br \/>\nGorduras Totais 0g 0<br \/>\nGorduras Saturadas 0g 0<br \/>\nGorduras Trans 0g **<br \/>\nFibra Alimentar 0g 0<br \/>\nS\u00f3dio 0mg 0<br \/>\n(*)% Valores Di\u00e1rios de refer\u00eancia com base em uma dieta de 2.000 kcal ou 8.400 kJ. Seus valores di\u00e1rios podem ser maiores ou menores dependendo de suas necessidades energ\u00e9ticas.<\/p>\n<p>Ingrediente(s): Pimenta do reino em gr\u00e3os branca.<\/p>\n<p>Ap\u00f3s a abertura, mantenha a embalagem bem fechada. Armazene em local fresco e seco.<\/p>\n<p>AL\u00c9RGICOS: PODE CONTER TRA\u00c7OS DE CENTEIO, CEVADA, SOJA, NOZES, CASTANHAS E AMENDOINS.<\/p>\n<p>N\u00c3O CONT\u00c9M GL\u00daTEN.<\/p>\n<p>CARACTER\u00cdSTICAS<br \/>\nSem Gl\u00faten: Sim<br \/>\nVegano: Sim<br \/>\nLow Carb: Sim<br \/>\nOrg\u00e2nico: N\u00e3o<br \/>\nLivre Transg\u00eanicos: Sim<br \/>\nSem Lactose: Sim<br \/>\nOrigem: Nacional<br \/>\nGranel: Sim<\/p>\n","protected":false},"excerpt":{"rendered":"<p>A especiaria Pimenta do reino em gr\u00e3os Preta \u00e9 colhida antes de amadurecer, seca em pel\u00edcula, que lhe garante mais pic\u00e2ncia, ard\u00eancia e, em princ\u00edpio, mais qualidades. As brancas esperam mais um pouquinho at\u00e9 amadurecer completamente, passam por um processo, tem a casca removida, secas no sol e resultam numa pimenta \u201cbranca\u201d com sabor, mais suave.<\/p>\n<p>O legal \u00e9 que o Brasil \u00e9 um dos maiores produtores e exportadores desta maravilhosa especiaria. O uso de pimentas-do-reino brancas tem algumas diferen\u00e7as de suas co-irm\u00e3s preta, verde ou rosa. Pequenas diferen\u00e7as que \u00e9 importante conhecer. No quesito culin\u00e1ria, a pimenta-do-reino branca \u00e9 a preferida por quest\u00f5es at\u00e9 est\u00e9ticas em pratos como sopas, pur\u00eas de batata, peixes, frangos, carne de porco, sufl\u00eas e molhos.<\/p>\n<p>Os valores medicinais positivos da pimenta-do-reino branca v\u00eam do seu uso em larga escala na Ayurveda, terapias antigas e chinesas. Onde era indicada e usada para o tratamento de artrite, dor nas articula\u00e7\u00f5es, intoxica\u00e7\u00e3o alimentar, n\u00e1useas, congest\u00e3o nasal.<\/p>\n<p>Trazida da \u00c1sia equatorial pelos mercadores mu\u00e7ulmanos na \u00e9poca das Grandes Navega\u00e7\u00f5es, a pimenta-do-reino se espalhou pelo mundo. Hoje o Brasil \u00e9 um dos maiores produtores e exportadores do tempero. E uma curiosidade: as pimentas preta e branca v\u00eam da mesma semente! A diferen\u00e7a est\u00e1 apenas na secagem. A planta \u00e9 consumida seca, em gr\u00e3os ou mo\u00edda. Pode-se acrescentar na receita antes do cozimento e nas marinadas.<\/p>\n<p>Como utilizar Pimenta do reino em gr\u00e3os branca:<br \/>\nA Pimenta do reino branca em gr\u00e3os \u00e9 um dos condimentos mais apreciados no mundo e vai bem com quase tudo. Ela agrega sabor a todo tipo de carne grelhada, cozida ou assada. Pode ser usada em saladas de verduras e legumes, ovos, omeletes e sufl\u00eas.<\/p>\n<p>Funciona bem inteira em ensopados e caldos, e mo\u00edda grosseiramente para steak au poivre. Tem sabor mais suave em compara\u00e7\u00e3o a pimenta-do-reino preta em p\u00f3.<\/p>\n<p>Gostou? Fa\u00e7a sua compra agora e receba com todo conforto na sua casa ou trabalho.<\/p>\n","protected":false},"featured_media":354,"comment_status":"open","ping_status":"closed","template":"","meta":[],"product_cat":[63,76],"product_tag":[],"class_list":{"0":"post-353","1":"product","2":"type-product","3":"status-publish","4":"has-post-thumbnail","6":"product_cat-cozinhar-e-temperar","7":"product_cat-graos","9":"first","10":"instock","11":"shipping-taxable","12":"product-type-simple"},"supplier_id":null,"supplier_sku":"","barcode":null,"atum_controlled":true,"out_stock_date":null,"out_stock_threshold":null,"inheritable":false,"inbound_stock":null,"stock_on_hold":0,"sold_today":0,"sales_last_days":0,"reserved_stock":null,"customer_returns":null,"warehouse_damage":null,"lost_in_post":null,"other_logs":null,"out_stock_days":0,"lost_sales":0,"has_location":null,"update_date":"2026-04-22T12:24:24","atum_locations":[],"atum_stock_status":"instock","restock_status":false,"low_stock_amount":"","sales_update_date":"2026-04-22T12:24:24","calc_backorders":null,"_links":{"self":[{"href":"https:\/\/emporiodoturquinho.com.br\/index.php?rest_route=\/wp\/v2\/product\/353","targetHints":{"allow":["GET"]}}],"collection":[{"href":"https:\/\/emporiodoturquinho.com.br\/index.php?rest_route=\/wp\/v2\/product"}],"about":[{"href":"https:\/\/emporiodoturquinho.com.br\/index.php?rest_route=\/wp\/v2\/types\/product"}],"replies":[{"embeddable":true,"href":"https:\/\/emporiodoturquinho.com.br\/index.php?rest_route=%2Fwp%2Fv2%2Fcomments&post=353"}],"wp:featuredmedia":[{"embeddable":true,"href":"https:\/\/emporiodoturquinho.com.br\/index.php?rest_route=\/wp\/v2\/media\/354"}],"wp:attachment":[{"href":"https:\/\/emporiodoturquinho.com.br\/index.php?rest_route=%2Fwp%2Fv2%2Fmedia&parent=353"}],"wp:term":[{"taxonomy":"product_cat","embeddable":true,"href":"https:\/\/emporiodoturquinho.com.br\/index.php?rest_route=%2Fwp%2Fv2%2Fproduct_cat&post=353"},{"taxonomy":"product_tag","embeddable":true,"href":"https:\/\/emporiodoturquinho.com.br\/index.php?rest_route=%2Fwp%2Fv2%2Fproduct_tag&post=353"}],"curies":[{"name":"wp","href":"https:\/\/api.w.org\/{rel}","templated":true}]}}