{"id":299,"date":"2024-01-24T10:17:46","date_gmt":"2024-01-24T13:17:46","guid":{"rendered":"http:\/\/emporiodoturquinho.com.br\/?post_type=product&#038;p=299"},"modified":"2024-02-09T09:33:42","modified_gmt":"2024-02-09T12:33:42","slug":"farinha-de-banana","status":"publish","type":"product","link":"https:\/\/emporiodoturquinho.com.br\/?product=farinha-de-banana","title":{"rendered":"FARINHA DE BANANA"},"content":{"rendered":"<p>VALORES NUTRICIONAIS Conhe\u00e7a os valores nutricionais deste produto<br \/>\nQuantidade por por\u00e7\u00e3o de 30g (3 Colheres de Sopa) %VD(*)<br \/>\nValor Energ\u00e9tico 93Kcal=389kJ 5<br \/>\nCarboidratos 20g 7<br \/>\nProte\u00ednas 1.4g 2<br \/>\nGorduras Totais 1.1g 2<br \/>\nGorduras Saturadas 0.5g 2<br \/>\nGorduras Trans 0g **<br \/>\nFibra Alimentar 3.3g 13<br \/>\nS\u00f3dio 0mg 0<br \/>\n(*)% Valores Di\u00e1rios de refer\u00eancia com base em uma dieta de 2.000 kcal ou 8.400 kJ. Seus valores di\u00e1rios podem ser maiores ou menores dependendo de suas necessidades energ\u00e9ticas.<\/p>\n<p>Ingrediente(s): Banana verde.<\/p>\n<p>Ap\u00f3s a abertura, mantenha a embalagem bem fechada. Armazene em local fresco e seco.<\/p>\n<p>AL\u00c9RGICOS: PODE CONTER TRA\u00c7OS DE CENTEIO, CEVADA, SOJA, NOZES, CASTANHAS E AMENDOINS.<\/p>\n<p>N\u00c3O CONT\u00c9M GL\u00daTEN.<\/p>\n<p>CARACTER\u00cdSTICAS<br \/>\nSem Gl\u00faten: Sim<br \/>\nVegano: Sim<br \/>\nLow Carb: N\u00e3o<br \/>\nOrg\u00e2nico: N\u00e3o<br \/>\nLivre Transg\u00eanicos: Sim<br \/>\nSem Lactose: Sim<br \/>\nOrigem: Nacional<br \/>\nGranel: Sim<\/p>\n","protected":false},"excerpt":{"rendered":"<p>A banana \u00e9 um alimento repleto de benef\u00edcios para a sa\u00fade e um dos produtos derivados dela \u00e9 a farinha de banana verde.<br \/>\nA farinha \u00e9 feita com a fruta que ainda n\u00e3o amadureceu e tem uma subst\u00e2ncia chamada amido resistente, caracter\u00edstico em frutas verdes. Esse amido n\u00e3o \u00e9 digerido durante o processo digestivo. Apenas quando chega ao intestino grosso \u00e9 que algumas bact\u00e9rias do nosso organismo come\u00e7am a digerir e liberar os nutrientes da farinha onde diversas pesquisas cient\u00edficas comprovam seus benef\u00edcios \u00e0 sa\u00fade.<\/p>\n<p>A farinha de banana verde serve como suplemento alimentar.<\/p>\n<p>PROPRIEDADES DA FARINHA DE BANANA VERDE<br \/>\nA farinha de banana verde \u00e9 rica em fibras, prote\u00edna e carboidratos. Tamb\u00e9m possui grandes quantidades de minerais e vitaminas como zinco, magn\u00e9sio, mangan\u00eas e pot\u00e1ssio, al\u00e9m de ter baixo \u00edndice glic\u00eamico e baixos teores de gorduras e s\u00f3dio.<\/p>\n<p>\u00c9 sem gl\u00faten!<\/p>\n<p>BENEF\u00cdCIOS<br \/>\n. Ajuda no bom funcionamento do intestino<\/p>\n<p>. Com o intestino funcionando bem, o corpo consegue produzir mais c\u00e9lulas de defesa;<\/p>\n<p>. Controla a absor\u00e7\u00e3o de glicose e gorduras no processo digestivo;<\/p>\n<p>. Ajuda na sensa\u00e7\u00e3o de saciedade;<\/p>\n<p>. Ajuda na imunidade;<\/p>\n<p>. Colabora para o bom humor: quando estamos de bem com o funcionamento do nosso corpo e do nosso intestino nosso humor d\u00e1 um up!<\/p>\n<p>COMO CONSUMIR A FARINHA DE BANANA VERDE<br \/>\nPara conseguir esses benef\u00edcios, voc\u00ea pode ingerir duas colheres da farinha de banana verde em um copo de \u00e1gua 30 minutos antes das principais refei\u00e7\u00f5es, seguindo uma alimenta\u00e7\u00e3o saud\u00e1vel, com poucas gorduras e a\u00e7\u00facar, e praticando atividade f\u00edsica de forma regular.<\/p>\n<p>MAIS SABORES COM A FARINHA DE BANANA VERDE<br \/>\nDe forma geral, ela pode ser usada como substituta de algumas farinhas brancas refinadas, enriquecendo o valor nutricional das suas receitas de p\u00e3es, bolachas, tortas, bolos, cookies, muffins, hamb\u00fargueres, tapiocas e panquecas, al\u00e9m de mistur\u00e1-la em shakes, sucos ou iogurtes.<\/p>\n<p>Voc\u00ea tamb\u00e9m pode consumir a farinha de banana verde junto com suas refei\u00e7\u00f5es, espalhando-a por cima da comida ou salpicada em frutas, mas por ter muita fibra \u00e9 sempre importante tomar bastante \u00e1gua.<\/p>\n<p>E n\u00e3o se preocupe: como a farinha de banana verde tem um sabor bastante sutil, n\u00e3o afeta o sabor das receitas doces ou salgadas.<\/p>\n<p>Gostou? Fa\u00e7a sua compra agora e receba com todo conforto na sua casa ou trabalho.<\/p>\n","protected":false},"featured_media":300,"comment_status":"open","ping_status":"closed","template":"","meta":[],"product_cat":[68],"product_tag":[],"class_list":{"0":"post-299","1":"product","2":"type-product","3":"status-publish","4":"has-post-thumbnail","6":"product_cat-farinhas","8":"first","9":"instock","10":"shipping-taxable","11":"product-type-simple"},"supplier_id":null,"supplier_sku":"","barcode":null,"atum_controlled":true,"out_stock_date":null,"out_stock_threshold":null,"inheritable":false,"inbound_stock":null,"stock_on_hold":0,"sold_today":0,"sales_last_days":0,"reserved_stock":null,"customer_returns":null,"warehouse_damage":null,"lost_in_post":null,"other_logs":null,"out_stock_days":0,"lost_sales":0,"has_location":false,"update_date":"2026-04-22T12:24:24","atum_locations":[],"atum_stock_status":"instock","restock_status":false,"low_stock_amount":"","sales_update_date":"2026-04-22T12:24:24","calc_backorders":null,"_links":{"self":[{"href":"https:\/\/emporiodoturquinho.com.br\/index.php?rest_route=\/wp\/v2\/product\/299","targetHints":{"allow":["GET"]}}],"collection":[{"href":"https:\/\/emporiodoturquinho.com.br\/index.php?rest_route=\/wp\/v2\/product"}],"about":[{"href":"https:\/\/emporiodoturquinho.com.br\/index.php?rest_route=\/wp\/v2\/types\/product"}],"replies":[{"embeddable":true,"href":"https:\/\/emporiodoturquinho.com.br\/index.php?rest_route=%2Fwp%2Fv2%2Fcomments&post=299"}],"wp:featuredmedia":[{"embeddable":true,"href":"https:\/\/emporiodoturquinho.com.br\/index.php?rest_route=\/wp\/v2\/media\/300"}],"wp:attachment":[{"href":"https:\/\/emporiodoturquinho.com.br\/index.php?rest_route=%2Fwp%2Fv2%2Fmedia&parent=299"}],"wp:term":[{"taxonomy":"product_cat","embeddable":true,"href":"https:\/\/emporiodoturquinho.com.br\/index.php?rest_route=%2Fwp%2Fv2%2Fproduct_cat&post=299"},{"taxonomy":"product_tag","embeddable":true,"href":"https:\/\/emporiodoturquinho.com.br\/index.php?rest_route=%2Fwp%2Fv2%2Fproduct_tag&post=299"}],"curies":[{"name":"wp","href":"https:\/\/api.w.org\/{rel}","templated":true}]}}