{"id":297,"date":"2024-01-24T10:17:02","date_gmt":"2024-01-24T13:17:02","guid":{"rendered":"http:\/\/emporiodoturquinho.com.br\/?post_type=product&#038;p=297"},"modified":"2024-01-24T10:17:02","modified_gmt":"2024-01-24T13:17:02","slug":"farinha-de-arroz-integral","status":"publish","type":"product","link":"https:\/\/emporiodoturquinho.com.br\/?product=farinha-de-arroz-integral","title":{"rendered":"FARINHA DE ARROZ INTEGRAL"},"content":{"rendered":"<p>VALORES NUTRICIONAIS Conhe\u00e7a os valores nutricionais deste produto<br \/>\nQuantidade por por\u00e7\u00e3o de 50g (1\/2 X\u00edcara) %VD(*)<br \/>\nValor Energ\u00e9tico 181Kcal=757kJ 9<br \/>\nCarboidratos 38g 13<br \/>\nProte\u00ednas 3.6g 5<br \/>\nGorduras Totais 1.4g 3<br \/>\nGorduras Saturadas 0.3g 1<br \/>\nGorduras Trans 0g **<br \/>\nFibra Alimentar 2.3g 9<br \/>\nS\u00f3dio 0mg 0<br \/>\n(*)% Valores Di\u00e1rios de refer\u00eancia com base em uma dieta de 2.000 kcal ou 8.400 kJ. Seus valores di\u00e1rios podem ser maiores ou menores dependendo de suas necessidades energ\u00e9ticas.<\/p>\n<p>Ingredientes: Farinha de Arroz Integral.<\/p>\n<p>Ap\u00f3s abertura da embalagem, mantenha bem fechada, armazenando-a em local fresco e seco.<\/p>\n<p>AL\u00c9RGICOS: PODE CONTER TRA\u00c7OS DE SOJA, NOZES, CASTANHAS E AMENDOINS.<\/p>\n<p>N\u00c3O CONT\u00c9M GL\u00daTEN.<\/p>\n<p>CARACTER\u00cdSTICAS<br \/>\nSem Gl\u00faten: Sim<br \/>\nVegano: Sim<br \/>\nLow Carb: N\u00e3o<br \/>\nOrg\u00e2nico: N\u00e3o<br \/>\nLivre Transg\u00eanicos: Sim<br \/>\nSem Lactose: Sim<br \/>\nOrigem: Nacional<br \/>\nGranel: Sim<\/p>\n","protected":false},"excerpt":{"rendered":"<p>A Farinha de Arroz Integral \u00e9 super nutritiva, rica em sais minerais, carboidratos, prote\u00ednas e fibras, \u00e9 obtida da moagem dos gr\u00e3os de arroz integrais selecionados, tornando os alimentos mais nutritivos.<\/p>\n<p>Esta farinha preserva a pel\u00edcula e o g\u00e9rmen dos gr\u00e3os, onde est\u00e1 a maior parte dos nutrientes.<\/p>\n<p>Possui grande quantidade de fibras, vitaminas B1, B2, B5, B6 e \u00e9 regenerador do sistema nervoso.<\/p>\n<p>Como usar a Farinha de Arroz Integral?<br \/>\nA farinha de arroz pode ser utilizada em substitui\u00e7\u00e3o \u00e0 farinha tradicional, no preparo de p\u00e3es, bolos, massas e etc.<\/p>\n<p>Farinha de Arroz Integral \u00e9 saud\u00e1vel?<br \/>\nA Farinha de Arroz Integral \u00e9 rica em Mangan\u00eas, que favorece a sa\u00fade \u00f3ssea, melhorando a absor\u00e7\u00e3o de c\u00e1lcio no organismo. Sendo assim, o uso da Farinha de Arroz \u00e9 considerado saud\u00e1vel!<\/p>\n<p>Gostou? Fa\u00e7a sua compra agora e receba com todo conforto na sua casa ou trabalho.<\/p>\n","protected":false},"featured_media":298,"comment_status":"open","ping_status":"closed","template":"","meta":[],"product_cat":[63,68],"product_tag":[],"class_list":{"0":"post-297","1":"product","2":"type-product","3":"status-publish","4":"has-post-thumbnail","6":"product_cat-cozinhar-e-temperar","7":"product_cat-farinhas","9":"first","10":"instock","11":"shipping-taxable","12":"product-type-simple"},"supplier_id":null,"supplier_sku":"","barcode":null,"atum_controlled":true,"out_stock_date":null,"out_stock_threshold":null,"inheritable":false,"inbound_stock":null,"stock_on_hold":0,"sold_today":0,"sales_last_days":0,"reserved_stock":null,"customer_returns":null,"warehouse_damage":null,"lost_in_post":null,"other_logs":null,"out_stock_days":0,"lost_sales":0,"has_location":null,"update_date":"2026-04-22T12:24:24","atum_locations":[],"atum_stock_status":"instock","restock_status":false,"low_stock_amount":"","sales_update_date":"2026-04-22T12:24:24","calc_backorders":null,"_links":{"self":[{"href":"https:\/\/emporiodoturquinho.com.br\/index.php?rest_route=\/wp\/v2\/product\/297","targetHints":{"allow":["GET"]}}],"collection":[{"href":"https:\/\/emporiodoturquinho.com.br\/index.php?rest_route=\/wp\/v2\/product"}],"about":[{"href":"https:\/\/emporiodoturquinho.com.br\/index.php?rest_route=\/wp\/v2\/types\/product"}],"replies":[{"embeddable":true,"href":"https:\/\/emporiodoturquinho.com.br\/index.php?rest_route=%2Fwp%2Fv2%2Fcomments&post=297"}],"wp:featuredmedia":[{"embeddable":true,"href":"https:\/\/emporiodoturquinho.com.br\/index.php?rest_route=\/wp\/v2\/media\/298"}],"wp:attachment":[{"href":"https:\/\/emporiodoturquinho.com.br\/index.php?rest_route=%2Fwp%2Fv2%2Fmedia&parent=297"}],"wp:term":[{"taxonomy":"product_cat","embeddable":true,"href":"https:\/\/emporiodoturquinho.com.br\/index.php?rest_route=%2Fwp%2Fv2%2Fproduct_cat&post=297"},{"taxonomy":"product_tag","embeddable":true,"href":"https:\/\/emporiodoturquinho.com.br\/index.php?rest_route=%2Fwp%2Fv2%2Fproduct_tag&post=297"}],"curies":[{"name":"wp","href":"https:\/\/api.w.org\/{rel}","templated":true}]}}