{"id":293,"date":"2024-01-24T10:15:21","date_gmt":"2024-01-24T13:15:21","guid":{"rendered":"http:\/\/emporiodoturquinho.com.br\/?post_type=product&#038;p=293"},"modified":"2024-01-24T10:15:21","modified_gmt":"2024-01-24T13:15:21","slug":"farinha-de-amendoa","status":"publish","type":"product","link":"https:\/\/emporiodoturquinho.com.br\/?product=farinha-de-amendoa","title":{"rendered":"FARINHA DE AM\u00caNDOA"},"content":{"rendered":"<p>VALORES NUTRICIONAIS Conhe\u00e7a os valores nutricionais deste produto<br \/>\nQuantidade por por\u00e7\u00e3o de 50g (1\/2 X\u00edcara) %VD(*)<br \/>\nValor Energ\u00e9tico 295Kcal=1234kJ 5<br \/>\nCarboidratos 9.3g 1<br \/>\nProte\u00ednas 11g 3<br \/>\nGorduras Totais 26g 17<br \/>\nGorduras Saturadas 3.3g 0<br \/>\nGorduras Trans 0g **<br \/>\nFibra Alimentar 5g 6<br \/>\nS\u00f3dio 24mg 1<br \/>\n(*)% Valores Di\u00e1rios de refer\u00eancia com base em uma dieta de 2.000 kcal ou 8.400 kJ. Seus valores di\u00e1rios podem ser maiores ou menores dependendo de suas necessidades energ\u00e9ticas.<\/p>\n<p>Ingredientes: Am\u00eandoa.<\/p>\n<p>Ap\u00f3s abertura da embalagem, mantenha bem fechada, armazenando-a em local fresco e seco.<\/p>\n<p>AL\u00c9RGICOS: PODE CONTER TRA\u00c7OS DE SOJA, NOZES, CASTANHAS E AMENDOINS.<\/p>\n<p>N\u00c3O CONT\u00c9M GL\u00daTEN.<\/p>\n<p>CARACTER\u00cdSTICAS<br \/>\nSem Gl\u00faten: Sim<br \/>\nVegano: Sim<br \/>\nLow Carb: Sim<br \/>\nOrg\u00e2nico: N\u00e3o<br \/>\nLivre Transg\u00eanicos: Sim<br \/>\nSem Lactose: Sim<br \/>\nOrigem: Importado<br \/>\nGranel: Sim<\/p>\n","protected":false},"excerpt":{"rendered":"<p>\u00c9 feita a partir da semente da amendoeira (Prunus amygdalus), planta da fam\u00edlia das ros\u00e1ceas, a mesma do p\u00eassego e da ameixa, que alguns autores afirmam ser nativa do Oriente M\u00e9dio e outros acreditam ter surgido na China e no Jap\u00e3o. Hoje, cresce espontaneamente no Norte da \u00c1frica e na Gr\u00e9cia. \u00c9 cultivada na Espanha, It\u00e1lia, Portugal, Calif\u00f3rnia e Austr\u00e1lia. No Brasil, h\u00e1 planta\u00e7\u00f5es no Rio Grande do Sul, em Santa Catarina, em Minas Gerais e no Rio de Janeiro. A am\u00eandoa fica no centro de um fruto alongado, acinzentado e de polpa n\u00e3o comest\u00edvel. S\u00e3o as respons\u00e1veis pelo aroma de extratos, ess\u00eancias e \u00f3leos. Para se extrair o azeite, a am\u00eandoa doce \u00e9 mo\u00edda. A farinha resultante desse processo \u00e9, portanto, menos gordurosa e mais resistente ao ran\u00e7o do que aquela feita em casa, apenas triturando-se as am\u00eandoas sem ou com a pele.<\/p>\n<p>Pode entrar em algumas receitas em substitui\u00e7\u00e3o \u00e0 farinha de trigo, por\u00e9m \u00e9 importante ressaltar a aus\u00eancia do gl\u00faten, por isso em prepara\u00e7\u00f5es como p\u00e3es \u00e9 utilizada apenas para adicionar sabor sendo indispens\u00e1vel a utiliza\u00e7\u00e3o da farinha de trigo.<\/p>\n<p>\u00c9 rica em \u00e1cidos graxos que atuam na redu\u00e7\u00e3o do colesterol LDL e possuem alto teor de prote\u00ednas e minerais, recomendada tamb\u00e9m para os vegetarianos.<\/p>\n<p>Gostou? Fa\u00e7a sua compra agora e receba com todo conforto na sua casa ou trabalho.<\/p>\n","protected":false},"featured_media":294,"comment_status":"open","ping_status":"closed","template":"","meta":[],"product_cat":[63,68],"product_tag":[],"class_list":{"0":"post-293","1":"product","2":"type-product","3":"status-publish","4":"has-post-thumbnail","6":"product_cat-cozinhar-e-temperar","7":"product_cat-farinhas","9":"first","10":"instock","11":"shipping-taxable","12":"product-type-simple"},"supplier_id":null,"supplier_sku":"","barcode":null,"atum_controlled":true,"out_stock_date":null,"out_stock_threshold":null,"inheritable":false,"inbound_stock":null,"stock_on_hold":0,"sold_today":0,"sales_last_days":0,"reserved_stock":null,"customer_returns":null,"warehouse_damage":null,"lost_in_post":null,"other_logs":null,"out_stock_days":0,"lost_sales":0,"has_location":null,"update_date":"2026-04-22T12:24:24","atum_locations":[],"atum_stock_status":"instock","restock_status":false,"low_stock_amount":"","sales_update_date":"2026-04-22T12:24:24","calc_backorders":null,"_links":{"self":[{"href":"https:\/\/emporiodoturquinho.com.br\/index.php?rest_route=\/wp\/v2\/product\/293","targetHints":{"allow":["GET"]}}],"collection":[{"href":"https:\/\/emporiodoturquinho.com.br\/index.php?rest_route=\/wp\/v2\/product"}],"about":[{"href":"https:\/\/emporiodoturquinho.com.br\/index.php?rest_route=\/wp\/v2\/types\/product"}],"replies":[{"embeddable":true,"href":"https:\/\/emporiodoturquinho.com.br\/index.php?rest_route=%2Fwp%2Fv2%2Fcomments&post=293"}],"wp:featuredmedia":[{"embeddable":true,"href":"https:\/\/emporiodoturquinho.com.br\/index.php?rest_route=\/wp\/v2\/media\/294"}],"wp:attachment":[{"href":"https:\/\/emporiodoturquinho.com.br\/index.php?rest_route=%2Fwp%2Fv2%2Fmedia&parent=293"}],"wp:term":[{"taxonomy":"product_cat","embeddable":true,"href":"https:\/\/emporiodoturquinho.com.br\/index.php?rest_route=%2Fwp%2Fv2%2Fproduct_cat&post=293"},{"taxonomy":"product_tag","embeddable":true,"href":"https:\/\/emporiodoturquinho.com.br\/index.php?rest_route=%2Fwp%2Fv2%2Fproduct_tag&post=293"}],"curies":[{"name":"wp","href":"https:\/\/api.w.org\/{rel}","templated":true}]}}