{"id":279,"date":"2024-01-24T10:01:48","date_gmt":"2024-01-24T13:01:48","guid":{"rendered":"http:\/\/emporiodoturquinho.com.br\/?post_type=product&#038;p=279"},"modified":"2024-01-24T10:01:48","modified_gmt":"2024-01-24T13:01:48","slug":"farelo-de-aveia","status":"publish","type":"product","link":"https:\/\/emporiodoturquinho.com.br\/?product=farelo-de-aveia","title":{"rendered":"FARELO DE AVEIA"},"content":{"rendered":"<p>VALORES NUTRICIONAIS Conhe\u00e7a os valores nutricionais deste produto<br \/>\nQuantidade por por\u00e7\u00e3o de 40g (3 Colheres de Sopa) %VD(*)<br \/>\nValor Energ\u00e9tico 131Kcal=548KJ 7<br \/>\nCarboidratos 18g 6<br \/>\nProte\u00ednas 7.1g 10<br \/>\nGorduras Totais 3.1g 6<br \/>\nGorduras Saturadas 0.6g 3<br \/>\nGorduras Trans 0g **<br \/>\nFibra Alimentar 5.6g 22<br \/>\nS\u00f3dio 0mg 0<br \/>\n(*)% Valores Di\u00e1rios de refer\u00eancia com base em uma dieta de 2.000 kcal ou 8.400 kJ. Seus valores di\u00e1rios podem ser maiores ou menores dependendo de suas necessidades energ\u00e9ticas.<\/p>\n<p>Ingrediente(s): Farelo de aveia.<\/p>\n<p>Ap\u00f3s a abertura, mantenha a embalagem bem fechada. Armazene em local fresco e seco.<\/p>\n<p>AL\u00c9RGICOS: PODE CONTER TRA\u00c7OS DE SOJA, NOZES, CASTANHAS E AMENDOINS.<\/p>\n<p>CONT\u00c9M GL\u00daTEN.<\/p>\n<p>CARACTER\u00cdSTICAS<br \/>\nSem Gl\u00faten: N\u00e3o<br \/>\nVegano: Sim<br \/>\nLow Carb: Sim<br \/>\nOrg\u00e2nico: N\u00e3o<br \/>\nLivre Transg\u00eanicos: Sim<br \/>\nSem Lactose: Sim<br \/>\nOrigem: Nacional<br \/>\nGranel: Sim<\/p>\n","protected":false},"excerpt":{"rendered":"<p>O farelo de aveia vem da separa\u00e7\u00e3o da pel\u00edcula que reveste o gr\u00e3o, feito da parte externa. Essa parte \u00e9 retirada durante o processo de refinamento do gr\u00e3o e o que sobra \u00e9 uma de suas partes mais nutritivas e ricas, portanto \u00e9 carregado de fibra diet\u00e9tica e possui uma gama enorme de propriedades saud\u00e1veis ao organismo.<\/p>\n<p>PROPRIEDADES DO FARELO DE AVEIA<br \/>\nO farelo de aveia est\u00e1 em evid\u00eancia atualmente pelo alto poder ben\u00e9fico da sua fibra sol\u00favel. \u00c9 \u00f3tima fonte de prote\u00ednas e possui c\u00e1lcio, ferro, carboidratos, al\u00e9m de vitaminas E, K, B1, B2, B3 e B6.<\/p>\n<p>BENEF\u00cdCIOS<br \/>\nComo a aveia \u00e9 rica em vitamina C e sais minerais, beneficia o sistema imunol\u00f3gico, como tamb\u00e9m:<\/p>\n<p>. Prolonga a sensa\u00e7\u00e3o de saciedade, controlando a fome;<\/p>\n<p>. Elimina toxinas;<\/p>\n<p>. Promove sensa\u00e7\u00e3o de bem-estar.<\/p>\n<p>COMO CONSUMIR O FARELO DE AVEIA<br \/>\nO farelo de aveia pode ser utilizado no preparo de sucos, vitaminas, bolos, p\u00e3es, tortas, smoothies, sopas, biscoitos e no mingau. \u00c9 muito utilizado como parte da dieta Dukan devido ao seu alto teor de fibras.<\/p>\n<p>Serve para engrossar molhos, empanar bifes e salgados, como tamb\u00e9m preparar pizzas e panquecas.<\/p>\n<p>Voc\u00ea j\u00e1 usou o farelo de aveia na farofa salgada ou doce? Experimente! Ficar\u00e1 show!<\/p>\n<p>Gostou? Fa\u00e7a sua compra agora e receba com todo conforto na sua casa ou trabalho.<\/p>\n","protected":false},"featured_media":280,"comment_status":"open","ping_status":"closed","template":"","meta":[],"product_cat":[75,63],"product_tag":[],"class_list":{"0":"post-279","1":"product","2":"type-product","3":"status-publish","4":"has-post-thumbnail","6":"product_cat-aveias-e-derivados","7":"product_cat-cozinhar-e-temperar","9":"first","10":"instock","11":"shipping-taxable","12":"product-type-simple"},"supplier_id":null,"supplier_sku":"","barcode":null,"atum_controlled":true,"out_stock_date":null,"out_stock_threshold":null,"inheritable":false,"inbound_stock":null,"stock_on_hold":0,"sold_today":0,"sales_last_days":0,"reserved_stock":null,"customer_returns":null,"warehouse_damage":null,"lost_in_post":null,"other_logs":null,"out_stock_days":0,"lost_sales":0,"has_location":null,"update_date":"2026-04-22T12:24:24","atum_locations":[],"atum_stock_status":"instock","restock_status":false,"low_stock_amount":"","sales_update_date":"2026-04-22T12:24:24","calc_backorders":null,"_links":{"self":[{"href":"https:\/\/emporiodoturquinho.com.br\/index.php?rest_route=\/wp\/v2\/product\/279","targetHints":{"allow":["GET"]}}],"collection":[{"href":"https:\/\/emporiodoturquinho.com.br\/index.php?rest_route=\/wp\/v2\/product"}],"about":[{"href":"https:\/\/emporiodoturquinho.com.br\/index.php?rest_route=\/wp\/v2\/types\/product"}],"replies":[{"embeddable":true,"href":"https:\/\/emporiodoturquinho.com.br\/index.php?rest_route=%2Fwp%2Fv2%2Fcomments&post=279"}],"wp:featuredmedia":[{"embeddable":true,"href":"https:\/\/emporiodoturquinho.com.br\/index.php?rest_route=\/wp\/v2\/media\/280"}],"wp:attachment":[{"href":"https:\/\/emporiodoturquinho.com.br\/index.php?rest_route=%2Fwp%2Fv2%2Fmedia&parent=279"}],"wp:term":[{"taxonomy":"product_cat","embeddable":true,"href":"https:\/\/emporiodoturquinho.com.br\/index.php?rest_route=%2Fwp%2Fv2%2Fproduct_cat&post=279"},{"taxonomy":"product_tag","embeddable":true,"href":"https:\/\/emporiodoturquinho.com.br\/index.php?rest_route=%2Fwp%2Fv2%2Fproduct_tag&post=279"}],"curies":[{"name":"wp","href":"https:\/\/api.w.org\/{rel}","templated":true}]}}