{"id":277,"date":"2024-01-24T10:01:07","date_gmt":"2024-01-24T13:01:07","guid":{"rendered":"http:\/\/emporiodoturquinho.com.br\/?post_type=product&#038;p=277"},"modified":"2024-01-24T10:01:07","modified_gmt":"2024-01-24T13:01:07","slug":"aveia-em-flocos","status":"publish","type":"product","link":"https:\/\/emporiodoturquinho.com.br\/?product=aveia-em-flocos","title":{"rendered":"AVEIA EM FLOCOS"},"content":{"rendered":"<p>VALORES NUTRICIONAIS Conhe\u00e7a os valores nutricionais deste produto<br \/>\nQuantidade por por\u00e7\u00e3o de 30g (1\/2 X\u00edcara) %VD(*)<br \/>\nValor Energ\u00e9tico 79Kcal=329KJ 4<br \/>\nCarboidratos 20g 7<br \/>\nProte\u00ednas 4.5g 6<br \/>\nGorduras Totais 0.4g 1<br \/>\nGorduras Saturadas 0.4g 2<br \/>\nGorduras Trans 0g **<br \/>\nFibra Alimentar 2.6g 10<br \/>\nS\u00f3dio 0mg 0<br \/>\n(*)% Valores Di\u00e1rios de refer\u00eancia com base em uma dieta de 2.000 kcal ou 8.400 kJ. Seus valores di\u00e1rios podem ser maiores ou menores dependendo de suas necessidades energ\u00e9ticas.<\/p>\n<p>Ingrediente(s): Aveia em flocos.<\/p>\n<p>Ap\u00f3s abertura da embalagem, mantenha bem fechada, armazenando-a em local fresco e seco.<\/p>\n<p>AL\u00c9RGICOS: PODE CONTER TRA\u00c7OS DE TRIGO, SOJA, NOZES, CASTANHAS E AMENDOINS.<\/p>\n<p>CONT\u00c9M GL\u00daTEN.<\/p>\n<p>CARACTER\u00cdSTICAS<br \/>\nSem Gl\u00faten: N\u00e3o<br \/>\nVegano: Sim<br \/>\nLow Carb: Sim<br \/>\nOrg\u00e2nico: N\u00e3o<br \/>\nLivre Transg\u00eanicos: Sim<br \/>\nSem Lactose: Sim<br \/>\nOrigem: Nacional<br \/>\nGranel: Sim<\/p>\n","protected":false},"excerpt":{"rendered":"<p>A Aveia \u00e9 um cereal classificado como o mais nutritivo da fam\u00edlia dos cereais.<\/p>\n<p>\u00c9 consumida em sua forma integral, em flocos, farinha ou farelo.<\/p>\n<p>Carregada de fibra diet\u00e9tica (contendo mais do que muitos outros gr\u00e3os) possui uma gama de propriedades saud\u00e1veis.<\/p>\n<p>Quais as propriedades da Aveia?<br \/>\nA Aveia possui c\u00e1lcio, ferro, prote\u00ednas, al\u00e9m de vitaminas, carboidratos e fibras, ela est\u00e1 em evid\u00eancia atualmente pelo alto poder ben\u00e9fico da sua fibra sol\u00favel, que est\u00e1 relacionada a um bom funcionamento intestinal.<\/p>\n<p>Como usar a Aveia?<br \/>\nA Aveia pode ser utilizada no preparo de sucos, bolos, tortas, sopas, biscoitos e no mingau, que pode ser preparado tanto com a sua farinha quanto com a aveia em flocos. Algumas pessoas optam por outras alternativas como preparar uma bebida quente \u00e0 base de leite e aveia batida no liquidificador ou adicionar o cereal ao leite, iogurte e frutas.<\/p>\n<p>Gostou? Fa\u00e7a sua compra agora e receba com todo conforto na sua casa ou trabalho.<\/p>\n","protected":false},"featured_media":278,"comment_status":"open","ping_status":"closed","template":"","meta":[],"product_cat":[75,63],"product_tag":[],"class_list":{"0":"post-277","1":"product","2":"type-product","3":"status-publish","4":"has-post-thumbnail","6":"product_cat-aveias-e-derivados","7":"product_cat-cozinhar-e-temperar","9":"first","10":"instock","11":"shipping-taxable","12":"product-type-simple"},"supplier_id":null,"supplier_sku":"","barcode":null,"atum_controlled":true,"out_stock_date":null,"out_stock_threshold":null,"inheritable":false,"inbound_stock":null,"stock_on_hold":0,"sold_today":0,"sales_last_days":0,"reserved_stock":null,"customer_returns":null,"warehouse_damage":null,"lost_in_post":null,"other_logs":null,"out_stock_days":0,"lost_sales":0,"has_location":null,"update_date":"2026-04-22T12:24:24","atum_locations":[],"atum_stock_status":"instock","restock_status":false,"low_stock_amount":"","sales_update_date":"2026-04-22T12:24:24","calc_backorders":null,"_links":{"self":[{"href":"https:\/\/emporiodoturquinho.com.br\/index.php?rest_route=\/wp\/v2\/product\/277","targetHints":{"allow":["GET"]}}],"collection":[{"href":"https:\/\/emporiodoturquinho.com.br\/index.php?rest_route=\/wp\/v2\/product"}],"about":[{"href":"https:\/\/emporiodoturquinho.com.br\/index.php?rest_route=\/wp\/v2\/types\/product"}],"replies":[{"embeddable":true,"href":"https:\/\/emporiodoturquinho.com.br\/index.php?rest_route=%2Fwp%2Fv2%2Fcomments&post=277"}],"wp:featuredmedia":[{"embeddable":true,"href":"https:\/\/emporiodoturquinho.com.br\/index.php?rest_route=\/wp\/v2\/media\/278"}],"wp:attachment":[{"href":"https:\/\/emporiodoturquinho.com.br\/index.php?rest_route=%2Fwp%2Fv2%2Fmedia&parent=277"}],"wp:term":[{"taxonomy":"product_cat","embeddable":true,"href":"https:\/\/emporiodoturquinho.com.br\/index.php?rest_route=%2Fwp%2Fv2%2Fproduct_cat&post=277"},{"taxonomy":"product_tag","embeddable":true,"href":"https:\/\/emporiodoturquinho.com.br\/index.php?rest_route=%2Fwp%2Fv2%2Fproduct_tag&post=277"}],"curies":[{"name":"wp","href":"https:\/\/api.w.org\/{rel}","templated":true}]}}