{"id":269,"date":"2024-01-24T09:55:24","date_gmt":"2024-01-24T12:55:24","guid":{"rendered":"http:\/\/emporiodoturquinho.com.br\/?post_type=product&#038;p=269"},"modified":"2024-01-24T09:55:24","modified_gmt":"2024-01-24T12:55:24","slug":"acucar-eritritol","status":"publish","type":"product","link":"https:\/\/emporiodoturquinho.com.br\/?product=acucar-eritritol","title":{"rendered":"A\u00c7UCAR ERITRITOL"},"content":{"rendered":"<p>VALORES NUTRICIONAIS Conhe\u00e7a os valores nutricionais deste produto<br \/>\nQuantidade por por\u00e7\u00e3o de 3,3g (1 Colheres de Ch\u00e1) %VD(*)<br \/>\nValor Energ\u00e9tico 1Kcal=4,2KJ 0<br \/>\nCarboidratos 3,3g 1<br \/>\nProte\u00ednas 0g 0<br \/>\nGorduras Totais 0g 0<br \/>\nGorduras Saturadas 0g 0<br \/>\nGorduras Trans 0g **<br \/>\nFibra Alimentar 0g 0<br \/>\nS\u00f3dio 0mg 0<br \/>\n(*)% Valores Di\u00e1rios de refer\u00eancia com base em uma dieta de 2.000 kcal ou 8.400 kJ. Seus valores di\u00e1rios podem ser maiores ou menores dependendo de suas necessidades energ\u00e9ticas.<\/p>\n<p>Ingrediente(s): Eritritol.<\/p>\n<p>Ap\u00f3s a abertura, mantenha a embalagem bem fechada. Armazene em local fresco e seco.<\/p>\n<p>AL\u00c9RGICOS: PODE CONTER TRA\u00c7OS DE CENTEIO, CEVADA, SOJA, NOZES, CASTANHAS E AMENDOINS.<\/p>\n<p>N\u00c3O CONT\u00c9M GL\u00daTEN.<\/p>\n<p>CARACTER\u00cdSTICAS<br \/>\nSem Gl\u00faten: Sim<br \/>\nVegano: Sim<br \/>\nLow Carb: Sim<br \/>\nOrg\u00e2nico: N\u00e3o<br \/>\nLivre Transg\u00eanicos: Sim<br \/>\nSem Lactose: Sim<br \/>\nOrigem: Importado<br \/>\nGranel: Sim<\/p>\n","protected":false},"excerpt":{"rendered":"<p>O Eritritol \u00e9 um ado\u00e7ante diet\u00e9tico, sem sabor amargo, adequado para uma variedade de alimentos e bebidas de calorias reduzidas e sem a\u00e7\u00facar.<\/p>\n<p>\u00c9 natural, n\u00e3o causa efeitos colaterais e tem gosto quase exatamente como o a\u00e7\u00facar &#8211; sem as calorias<\/p>\n<p>Pertence a uma classe de compostos chamados \u00e1lcoois de a\u00e7\u00facar. A maioria desses \u00e1lcoois funciona como ado\u00e7antes de baixa caloria em produtos sem a\u00e7\u00facar ou com baixo teor de a\u00e7\u00facar. S\u00e3o encontrados em pequenas quantidades na natureza, especialmente em frutas e legumes.<\/p>\n<p>A maneira como essas mol\u00e9culas s\u00e3o estruturadas que lhes d\u00e1 a capacidade de estimular os receptores de sabor adocicado na l\u00edngua.<\/p>\n<p>Um dos maiores benef\u00edcios do Eritritol est\u00e1 na quantidade de calorias, que cont\u00e9m muito menos que o a\u00e7\u00facar refinado:<\/p>\n<p>A\u00e7\u00facar refinado: 4 calorias por grama<br \/>\nEritritol: 0,24 calorias por grama<br \/>\nCom apenas 6% das calorias de a\u00e7\u00facar, ainda cont\u00e9m 70% da do\u00e7ura.<\/p>\n<p>Quais s\u00e3o as propriedades do Eritritol?<br \/>\nOs poli\u00f3is (\u00e1lcoois do a\u00e7\u00facar) do Eritritol integram um grupo de carboidratos de digest\u00e3o lenta derivados da hidrogena\u00e7\u00e3o de sua fonte de a\u00e7\u00facar ou xarope (por exemplo, lactitol de lactose).<\/p>\n<p>Esses ado\u00e7antes t\u00eam gosto de a\u00e7\u00facar, mas tamb\u00e9m t\u00eam vantagens especiais, como: n\u00e3o provocar c\u00e1ries, baixo valor cal\u00f3rico e baixo \u00edndice glic\u00eamico (IG)<\/p>\n<p>Em alguns casos \u00e9 indicado inclusive para diab\u00e9ticos, no entanto, \u00e9 necess\u00e1rio consultar um especialista antes de fazer consumo do produto.<\/p>\n<p>O Eritritol \u00e9 rapidamente absorvido pelo intestino, o que n\u00e3o causa dist\u00farbios intestinais.<\/p>\n<p>O que \u00e9 melhor Xilitol ou Eritritol?<br \/>\nAmbos s\u00e3o \u00e1lcoois de a\u00e7\u00facar e possuem capacidade de dul\u00e7or semelhantes.<\/p>\n<p>Gostou? Fa\u00e7a sua compra agora e receba com todo conforto na sua casa ou trabalho.<\/p>\n","protected":false},"featured_media":270,"comment_status":"open","ping_status":"closed","template":"","meta":[],"product_cat":[64,63],"product_tag":[],"class_list":{"0":"post-269","1":"product","2":"type-product","3":"status-publish","4":"has-post-thumbnail","6":"product_cat-adocantes-e-acucares","7":"product_cat-cozinhar-e-temperar","9":"first","10":"instock","11":"shipping-taxable","12":"product-type-simple"},"supplier_id":null,"supplier_sku":"","barcode":null,"atum_controlled":true,"out_stock_date":null,"out_stock_threshold":null,"inheritable":false,"inbound_stock":0,"stock_on_hold":0,"sold_today":0,"sales_last_days":0,"reserved_stock":0,"customer_returns":0,"warehouse_damage":0,"lost_in_post":0,"other_logs":0,"out_stock_days":0,"lost_sales":0,"has_location":false,"update_date":"2026-04-22T12:24:24","atum_locations":[],"atum_stock_status":"instock","restock_status":false,"low_stock_amount":"","sales_update_date":"2026-04-22T12:24:24","calc_backorders":null,"_links":{"self":[{"href":"https:\/\/emporiodoturquinho.com.br\/index.php?rest_route=\/wp\/v2\/product\/269","targetHints":{"allow":["GET"]}}],"collection":[{"href":"https:\/\/emporiodoturquinho.com.br\/index.php?rest_route=\/wp\/v2\/product"}],"about":[{"href":"https:\/\/emporiodoturquinho.com.br\/index.php?rest_route=\/wp\/v2\/types\/product"}],"replies":[{"embeddable":true,"href":"https:\/\/emporiodoturquinho.com.br\/index.php?rest_route=%2Fwp%2Fv2%2Fcomments&post=269"}],"wp:featuredmedia":[{"embeddable":true,"href":"https:\/\/emporiodoturquinho.com.br\/index.php?rest_route=\/wp\/v2\/media\/270"}],"wp:attachment":[{"href":"https:\/\/emporiodoturquinho.com.br\/index.php?rest_route=%2Fwp%2Fv2%2Fmedia&parent=269"}],"wp:term":[{"taxonomy":"product_cat","embeddable":true,"href":"https:\/\/emporiodoturquinho.com.br\/index.php?rest_route=%2Fwp%2Fv2%2Fproduct_cat&post=269"},{"taxonomy":"product_tag","embeddable":true,"href":"https:\/\/emporiodoturquinho.com.br\/index.php?rest_route=%2Fwp%2Fv2%2Fproduct_tag&post=269"}],"curies":[{"name":"wp","href":"https:\/\/api.w.org\/{rel}","templated":true}]}}