{"id":251,"date":"2024-01-24T09:44:21","date_gmt":"2024-01-24T12:44:21","guid":{"rendered":"http:\/\/emporiodoturquinho.com.br\/?post_type=product&#038;p=251"},"modified":"2024-01-24T09:44:21","modified_gmt":"2024-01-24T12:44:21","slug":"creme-de-cebola","status":"publish","type":"product","link":"https:\/\/emporiodoturquinho.com.br\/?product=creme-de-cebola","title":{"rendered":"CREME DE CEBOLA"},"content":{"rendered":"<p>VALORES NUTRICIONAIS Conhe\u00e7a os valores nutricionais deste produto<br \/>\nQuantidade por por\u00e7\u00e3o de 17g (1 Colher de Sopa) %VD(*)<br \/>\nValor Energ\u00e9tico 51Kcal=0KJ 2<br \/>\nCarboidratos 11g 4<br \/>\nProte\u00ednas 1g 1<br \/>\nGorduras Totais 0.8g 1<br \/>\nGorduras Saturadas 0.1g 0<br \/>\nGorduras Trans 0g **<br \/>\nFibra Alimentar 0.1g 0<br \/>\nS\u00f3dio 899mg 42<br \/>\n(*)% Valores Di\u00e1rios de refer\u00eancia com base em uma dieta de 2.000 kcal ou 8.400 kJ. Seus valores di\u00e1rios podem ser maiores ou menores dependendo de suas necessidades energ\u00e9ticas.<\/p>\n<p>Ingrediente(s): Creme de Cebola.<\/p>\n<p>Ap\u00f3s a abertura, mantenha a embalagem bem fechada. Armazene em local fresco e seco.<\/p>\n<p>AL\u00c9RGICOS: PODE CONTER TRA\u00c7OS DE SOJA, NOZES, CASTANHAS E AMENDOINS.<\/p>\n<p>N\u00c3O CONT\u00c9M GL\u00daTEN.<\/p>\n<p>CARACTER\u00cdSTICAS<br \/>\nSem Gl\u00faten: Sim<br \/>\nVegano: Sim<br \/>\nLow Carb: N\u00e3o<br \/>\nOrg\u00e2nico: N\u00e3o<br \/>\nLivre Transg\u00eanicos: Sim<br \/>\nSem Lactose: Sim<br \/>\nOrigem: Nacional<br \/>\nGranel: Sim<\/p>\n","protected":false},"excerpt":{"rendered":"<p>A cebola \u00e9 um dos temperos mais consumidos do mundo. Ela fornece diversos nutrientes \u00e1 sa\u00fade como fibras, c\u00e1lcio, pot\u00e1ssio e vitamina C.<\/p>\n<p>Como consumir o Creme de Cebola?<br \/>\nO creme de cebola em p\u00f3, tem seu consumo centrado na fabrica\u00e7\u00e3o de molhos, temperos (ketchup, maionese), sopas instant\u00e2neas, embutidos de carne e enlatados, assim como na prepara\u00e7\u00e3o de pratos por cozinhas institucionais e industriais.<\/p>\n<p>Quais as propriedades do Creme de Cebola?<br \/>\nAl\u00e9m de ser uma alternativa pouco cal\u00f3rica aos temperos j\u00e1 prontos ricos em s\u00f3dio, a cebola tamb\u00e9m pode ser utilizada para:<br \/>\nfacilitar a perda de peso, estimular o funcionamento dos rins, controlar a glicemia, melhorar a circula\u00e7\u00e3o, fortalecer o sistema imunol\u00f3gico, evitar o c\u00e2ncer ,combater os radicais livres e prevenir o envelhecimento precoce da pele, estimular a s\u00edntese de col\u00e1geno.<\/p>\n<p>Gostou? Fa\u00e7a sua compra agora e receba com todo conforto na sua casa ou trabalho.<\/p>\n","protected":false},"featured_media":252,"comment_status":"open","ping_status":"closed","template":"","meta":[],"product_cat":[65,63],"product_tag":[],"class_list":{"0":"post-251","1":"product","2":"type-product","3":"status-publish","4":"has-post-thumbnail","6":"product_cat-aditivos-e-fermentos","7":"product_cat-cozinhar-e-temperar","9":"first","10":"instock","11":"shipping-taxable","12":"product-type-simple"},"supplier_id":null,"supplier_sku":"","barcode":null,"atum_controlled":true,"out_stock_date":null,"out_stock_threshold":null,"inheritable":false,"inbound_stock":null,"stock_on_hold":0,"sold_today":0,"sales_last_days":0,"reserved_stock":null,"customer_returns":null,"warehouse_damage":null,"lost_in_post":null,"other_logs":null,"out_stock_days":0,"lost_sales":0,"has_location":null,"update_date":"2026-04-22T12:24:24","atum_locations":[],"atum_stock_status":"instock","restock_status":false,"low_stock_amount":"","sales_update_date":"2026-04-22T12:24:24","calc_backorders":null,"_links":{"self":[{"href":"https:\/\/emporiodoturquinho.com.br\/index.php?rest_route=\/wp\/v2\/product\/251","targetHints":{"allow":["GET"]}}],"collection":[{"href":"https:\/\/emporiodoturquinho.com.br\/index.php?rest_route=\/wp\/v2\/product"}],"about":[{"href":"https:\/\/emporiodoturquinho.com.br\/index.php?rest_route=\/wp\/v2\/types\/product"}],"replies":[{"embeddable":true,"href":"https:\/\/emporiodoturquinho.com.br\/index.php?rest_route=%2Fwp%2Fv2%2Fcomments&post=251"}],"wp:featuredmedia":[{"embeddable":true,"href":"https:\/\/emporiodoturquinho.com.br\/index.php?rest_route=\/wp\/v2\/media\/252"}],"wp:attachment":[{"href":"https:\/\/emporiodoturquinho.com.br\/index.php?rest_route=%2Fwp%2Fv2%2Fmedia&parent=251"}],"wp:term":[{"taxonomy":"product_cat","embeddable":true,"href":"https:\/\/emporiodoturquinho.com.br\/index.php?rest_route=%2Fwp%2Fv2%2Fproduct_cat&post=251"},{"taxonomy":"product_tag","embeddable":true,"href":"https:\/\/emporiodoturquinho.com.br\/index.php?rest_route=%2Fwp%2Fv2%2Fproduct_tag&post=251"}],"curies":[{"name":"wp","href":"https:\/\/api.w.org\/{rel}","templated":true}]}}