{"id":235,"date":"2024-01-24T09:29:40","date_gmt":"2024-01-24T12:29:40","guid":{"rendered":"http:\/\/emporiodoturquinho.com.br\/?post_type=product&#038;p=235"},"modified":"2024-01-24T09:29:40","modified_gmt":"2024-01-24T12:29:40","slug":"hibisco-em-flor-desidratada","status":"publish","type":"product","link":"https:\/\/emporiodoturquinho.com.br\/?product=hibisco-em-flor-desidratada","title":{"rendered":"HIBISCO EM FLOR DESIDRATADA"},"content":{"rendered":"<p>VALORES NUTRICIONAIS Conhe\u00e7a os valores nutricionais deste produto<br \/>\nQuantidade por por\u00e7\u00e3o de 0g (0 Colheres de Sopa) %VD(*)<br \/>\nValor Energ\u00e9tico 0Kcal=0KJ 0<br \/>\nCarboidratos 0g 0<br \/>\nProte\u00ednas 0g 0<br \/>\nGorduras Totais 0g 0<br \/>\nGorduras Saturadas 0g 0<br \/>\nGorduras Trans 0g **<br \/>\nFibra Alimentar 0g 0<br \/>\nS\u00f3dio 0mg 0<br \/>\n(*)% Valores Di\u00e1rios de refer\u00eancia com base em uma dieta de 2.000 kcal ou 8.400 kJ. Seus valores di\u00e1rios podem ser maiores ou menores dependendo de suas necessidades energ\u00e9ticas.<\/p>\n<p>Ingrediente(s): C\u00e1lice e folha de hibisco.<\/p>\n<p>Ap\u00f3s a abertura, mantenha a embalagem bem fechada. Armazene em local fresco e seco.<\/p>\n<p>AL\u00c9RGICOS: PODE CONTER TRA\u00c7OS DE SOJA, NOZES, CASTANHAS E AMENDOINS.<\/p>\n<p>N\u00c3O CONT\u00c9M GL\u00daTEN.<\/p>\n<p>CARACTER\u00cdSTICAS<br \/>\nSem Gl\u00faten: Sim<br \/>\nVegano: Sim<br \/>\nLow Carb: Sim<br \/>\nOrg\u00e2nico: N\u00e3o<br \/>\nLivre Transg\u00eanicos: Sim<br \/>\nSem Lactose: Sim<br \/>\nOrigem: Importado<br \/>\nGranel: Sim<\/p>\n","protected":false},"excerpt":{"rendered":"<p>A Flor de Hibisco Hibiscus sabdariffa \u00e9 popularmente utilizada para infus\u00f5es. Embora seja muito confundida com a flor encontrada habitualmente em jardins, apenas este tipo de Hibisco \u00e9 utilizado para fins culin\u00e1rios e\/ou dietas.<\/p>\n<p>Para que serve o Hibisco em flor desidratada?<br \/>\nA bebida da Flor de Hibisco \u00e9 rica em c\u00e1lcio, magn\u00e9sio, ferro, vitaminas A e C e possui grande quantidade de fibras alimentares. \u00c9 rica em flavonoides, subst\u00e2ncia antioxidante \u00f3tima para ajudar a estimular o metabolismo.<\/p>\n<p>O sabor \u00e9 mais adocicado e suave do que o ch\u00e1 verde ou o ch\u00e1 branco, sendo uma op\u00e7\u00e3o para aqueles que t\u00eam restri\u00e7\u00f5es com estas bebidas.<\/p>\n<p>Como fazer o ch\u00e1 de Hibisco em flor desidratada?<br \/>\nPara aproveitar todas as propriedades da Flor de Hibisco o ideal \u00e9 tom\u00e1-lo quatro vezes ao dia, sempre entre as refei\u00e7\u00f5es! A bebida deve ser preparada na propor\u00e7\u00e3o de uma colher de sopa cheia de hibisco para um litro de \u00e1gua. Deixe ferver por cinco minutos; depois, abafe o l\u00edquido por mais dez minutos e coe. O ch\u00e1 pode ser tomado quente ou frio.<\/p>\n<p>Gostou? Fa\u00e7a sua compra agora e receba com todo conforto na sua casa ou trabalho.<\/p>\n","protected":false},"featured_media":236,"comment_status":"open","ping_status":"closed","template":"","meta":[],"product_cat":[74],"product_tag":[],"class_list":{"0":"post-235","1":"product","2":"type-product","3":"status-publish","4":"has-post-thumbnail","6":"product_cat-chas-e-ervas","8":"first","9":"instock","10":"shipping-taxable","11":"product-type-simple"},"supplier_id":null,"supplier_sku":"","barcode":null,"atum_controlled":true,"out_stock_date":null,"out_stock_threshold":null,"inheritable":false,"inbound_stock":0,"stock_on_hold":0,"sold_today":0,"sales_last_days":0,"reserved_stock":0,"customer_returns":0,"warehouse_damage":0,"lost_in_post":0,"other_logs":0,"out_stock_days":0,"lost_sales":0,"has_location":false,"update_date":"2026-04-22T12:24:24","atum_locations":[],"atum_stock_status":"instock","restock_status":false,"low_stock_amount":"","sales_update_date":"2026-04-22T12:24:24","calc_backorders":null,"_links":{"self":[{"href":"https:\/\/emporiodoturquinho.com.br\/index.php?rest_route=\/wp\/v2\/product\/235","targetHints":{"allow":["GET"]}}],"collection":[{"href":"https:\/\/emporiodoturquinho.com.br\/index.php?rest_route=\/wp\/v2\/product"}],"about":[{"href":"https:\/\/emporiodoturquinho.com.br\/index.php?rest_route=\/wp\/v2\/types\/product"}],"replies":[{"embeddable":true,"href":"https:\/\/emporiodoturquinho.com.br\/index.php?rest_route=%2Fwp%2Fv2%2Fcomments&post=235"}],"wp:featuredmedia":[{"embeddable":true,"href":"https:\/\/emporiodoturquinho.com.br\/index.php?rest_route=\/wp\/v2\/media\/236"}],"wp:attachment":[{"href":"https:\/\/emporiodoturquinho.com.br\/index.php?rest_route=%2Fwp%2Fv2%2Fmedia&parent=235"}],"wp:term":[{"taxonomy":"product_cat","embeddable":true,"href":"https:\/\/emporiodoturquinho.com.br\/index.php?rest_route=%2Fwp%2Fv2%2Fproduct_cat&post=235"},{"taxonomy":"product_tag","embeddable":true,"href":"https:\/\/emporiodoturquinho.com.br\/index.php?rest_route=%2Fwp%2Fv2%2Fproduct_tag&post=235"}],"curies":[{"name":"wp","href":"https:\/\/api.w.org\/{rel}","templated":true}]}}