{"id":231,"date":"2024-01-24T09:27:26","date_gmt":"2024-01-24T12:27:26","guid":{"rendered":"http:\/\/emporiodoturquinho.com.br\/?post_type=product&#038;p=231"},"modified":"2024-01-24T09:27:26","modified_gmt":"2024-01-24T12:27:26","slug":"folha-de-oliveira","status":"publish","type":"product","link":"https:\/\/emporiodoturquinho.com.br\/?product=folha-de-oliveira","title":{"rendered":"FOLHA DE OLIVEIRA"},"content":{"rendered":"<p>VALORES NUTRICIONAIS Conhe\u00e7a os valores nutricionais deste produto<br \/>\nQuantidade por por\u00e7\u00e3o de 0g (0 Colheres de Sopa) %VD(*)<br \/>\nValor Energ\u00e9tico 0Kcal=0KJ 0<br \/>\nCarboidratos 0g 0<br \/>\nProte\u00ednas 0g 0<br \/>\nGorduras Totais 0g 0<br \/>\nGorduras Saturadas 0g 0<br \/>\nGorduras Trans 0g **<br \/>\nFibra Alimentar 0g 0<br \/>\nS\u00f3dio 0mg 0<br \/>\n(*)% Valores Di\u00e1rios de refer\u00eancia com base em uma dieta de 2.000 kcal ou 8.400 kJ. Seus valores di\u00e1rios podem ser maiores ou menores dependendo de suas necessidades energ\u00e9ticas.<\/p>\n<p>Ingrediente(s): Folha de oliveiras.<\/p>\n<p>Ap\u00f3s a abertura, mantenha a embalagem bem fechada. Armazene em local fresco e seco.<\/p>\n<p>AL\u00c9RGICOS: PODE CONTER TRA\u00c7OS DE SOJA, NOZES, CASTANHAS E AMENDOINS.<\/p>\n<p>N\u00c3O CONT\u00c9M GL\u00daTEN.<\/p>\n<p>CARACTER\u00cdSTICAS<br \/>\nSem Gl\u00faten: Sim<br \/>\nVegano: Sim<br \/>\nLow Carb: Sim<br \/>\nOrg\u00e2nico: N\u00e3o<br \/>\nLivre Transg\u00eanicos: Sim<br \/>\nSem Lactose: Sim<br \/>\nOrigem: Importado<br \/>\nGranel: Sim<\/p>\n","protected":false},"excerpt":{"rendered":"<p>A Oliveira \u00e9 conhecida cientificamente como Olea europaea L., fam\u00edlia Oleaceae. S\u00e3o \u00e1rvores baixas de tronco retorcido nativas da parte oriental do Mar Mediterr\u00e2neo. De seus frutos, as azeitonas, os homens no final do per\u00edodo neol\u00edtico aprenderam a extrair o azeite. Este \u00f3leo era empregado como unguento, combust\u00edvel ou na alimenta\u00e7\u00e3o, e por todas estas utilidades, tornou-se uma \u00e1rvore venerada por diversos povos. Assim, as Folhas de Oliveira nada mais s\u00e3o do que as folhas desta \u00e1rvore famosa pela produ\u00e7\u00e3o das azeitonas e azeites de oliva!<\/p>\n<p>Quais as propriedades e benef\u00edcios da Folha de Oliveira?<br \/>\nO ch\u00e1 da Folha de Oliveira \u00e9 rico em antioxidantes. \u00c9 muito usado por ajudar a melhorar a apar\u00eancia da pele.<\/p>\n<p>Como consumir as Folhas de Oliveira?<br \/>\nSugest\u00e3o de preparo do ch\u00e1 de Folhas de Oliveira: leve ao fogo 3 colheres\/sopa de erva para um litro de \u00e1gua. Quando a \u00e1gua alcan\u00e7ar fervura desligue. Tampe e deixe a solu\u00e7\u00e3o abafada por cerca de 10 minutos. Em seguida \u00e9 s\u00f3 coar e beber. Sugest\u00e3o de consumo: Tomar 3 a 4 x\u00edcaras ao dia.<\/p>\n<p>Gostou? Fa\u00e7a sua compra agora e receba com todo conforto na sua casa ou trabalho.<\/p>\n","protected":false},"featured_media":232,"comment_status":"open","ping_status":"closed","template":"","meta":[],"product_cat":[74],"product_tag":[],"class_list":{"0":"post-231","1":"product","2":"type-product","3":"status-publish","4":"has-post-thumbnail","6":"product_cat-chas-e-ervas","8":"first","9":"instock","10":"shipping-taxable","11":"product-type-simple"},"supplier_id":null,"supplier_sku":"","barcode":null,"atum_controlled":true,"out_stock_date":null,"out_stock_threshold":null,"inheritable":false,"inbound_stock":0,"stock_on_hold":0,"sold_today":0,"sales_last_days":0,"reserved_stock":0,"customer_returns":0,"warehouse_damage":0,"lost_in_post":0,"other_logs":0,"out_stock_days":0,"lost_sales":0,"has_location":false,"update_date":"2026-04-22T12:24:24","atum_locations":[],"atum_stock_status":"instock","restock_status":false,"low_stock_amount":"","sales_update_date":"2026-04-22T12:24:24","calc_backorders":null,"_links":{"self":[{"href":"https:\/\/emporiodoturquinho.com.br\/index.php?rest_route=\/wp\/v2\/product\/231","targetHints":{"allow":["GET"]}}],"collection":[{"href":"https:\/\/emporiodoturquinho.com.br\/index.php?rest_route=\/wp\/v2\/product"}],"about":[{"href":"https:\/\/emporiodoturquinho.com.br\/index.php?rest_route=\/wp\/v2\/types\/product"}],"replies":[{"embeddable":true,"href":"https:\/\/emporiodoturquinho.com.br\/index.php?rest_route=%2Fwp%2Fv2%2Fcomments&post=231"}],"wp:featuredmedia":[{"embeddable":true,"href":"https:\/\/emporiodoturquinho.com.br\/index.php?rest_route=\/wp\/v2\/media\/232"}],"wp:attachment":[{"href":"https:\/\/emporiodoturquinho.com.br\/index.php?rest_route=%2Fwp%2Fv2%2Fmedia&parent=231"}],"wp:term":[{"taxonomy":"product_cat","embeddable":true,"href":"https:\/\/emporiodoturquinho.com.br\/index.php?rest_route=%2Fwp%2Fv2%2Fproduct_cat&post=231"},{"taxonomy":"product_tag","embeddable":true,"href":"https:\/\/emporiodoturquinho.com.br\/index.php?rest_route=%2Fwp%2Fv2%2Fproduct_tag&post=231"}],"curies":[{"name":"wp","href":"https:\/\/api.w.org\/{rel}","templated":true}]}}