{"id":1034,"date":"2026-03-02T10:04:49","date_gmt":"2026-03-02T13:04:49","guid":{"rendered":"https:\/\/emporiodoturquinho.com.br\/?post_type=product&#038;p=1034"},"modified":"2026-03-04T15:30:03","modified_gmt":"2026-03-04T18:30:03","slug":"glucomanano","status":"publish","type":"product","link":"https:\/\/emporiodoturquinho.com.br\/?product=glucomanano","title":{"rendered":"GLUCOMANAN"},"content":{"rendered":"<p>O glucomanan em p\u00f3 \u00e9 uma fibra sol\u00favel de alto poder de absor\u00e7\u00e3o, excelente para auxiliar na perda de peso e controle do apetite, pois forma um gel no est\u00f4mago que promove saciedade prolongada. Ele tamb\u00e9m melhora o tr\u00e2nsito intestinal, ajuda a controlar o colesterol LDL e regula os n\u00edveis de glicose.<\/p>\n","protected":false},"excerpt":{"rendered":"<p>Principais Benef\u00edcios do Glucomanan em P\u00f3:<br \/>\nEmagrecimento e Saciedade: Por ser rico em fibras sol\u00faveis, o glucomanan absorve \u00e1gua, expande no est\u00f4mago e retarda a digest\u00e3o, aumentando a sensa\u00e7\u00e3o de plenitude e diminuindo a ingest\u00e3o de calorias.<br \/>\nControle da Diabetes e Glicemia:\u00a0Ajuda a regular os n\u00edveis de a\u00e7\u00facar no sangue, diminuindo a velocidade de absor\u00e7\u00e3o de carboidratos ap\u00f3s as refei\u00e7\u00f5es<\/p>\n<p>Sa\u00fade Cardiovascular e Colesterol:\u00a0Auxilia na redu\u00e7\u00e3o do colesterol LDL (&#8220;ruim&#8221;) e triglicer\u00eddeos, prevenindo doen\u00e7as como infarto e aterosclerose.<br \/>\nFuncionamento Intestinal:\u00a0Atua como um laxante natural, combatendo a pris\u00e3o de ventre e melhorando o tr\u00e2nsito intestinal.<br \/>\nRedu\u00e7\u00e3o do Incha\u00e7o:<\/p>\n","protected":false},"featured_media":1036,"comment_status":"open","ping_status":"closed","template":"","meta":[],"product_cat":[18,37],"product_tag":[],"class_list":{"0":"post-1034","1":"product","2":"type-product","3":"status-publish","4":"has-post-thumbnail","6":"product_cat-especiais","7":"product_cat-suplementos","9":"first","10":"instock","11":"shipping-taxable","12":"product-type-simple"},"supplier_id":null,"supplier_sku":"","barcode":null,"atum_controlled":true,"out_stock_date":null,"out_stock_threshold":null,"inheritable":false,"inbound_stock":null,"stock_on_hold":0,"sold_today":0,"sales_last_days":0,"reserved_stock":null,"customer_returns":null,"warehouse_damage":null,"lost_in_post":null,"other_logs":null,"out_stock_days":0,"lost_sales":0,"has_location":false,"update_date":"2026-04-22T12:24:26","atum_locations":[],"atum_stock_status":"instock","restock_status":false,"low_stock_amount":"","sales_update_date":"2026-04-22T12:24:26","calc_backorders":null,"_links":{"self":[{"href":"https:\/\/emporiodoturquinho.com.br\/index.php?rest_route=\/wp\/v2\/product\/1034","targetHints":{"allow":["GET"]}}],"collection":[{"href":"https:\/\/emporiodoturquinho.com.br\/index.php?rest_route=\/wp\/v2\/product"}],"about":[{"href":"https:\/\/emporiodoturquinho.com.br\/index.php?rest_route=\/wp\/v2\/types\/product"}],"replies":[{"embeddable":true,"href":"https:\/\/emporiodoturquinho.com.br\/index.php?rest_route=%2Fwp%2Fv2%2Fcomments&post=1034"}],"wp:featuredmedia":[{"embeddable":true,"href":"https:\/\/emporiodoturquinho.com.br\/index.php?rest_route=\/wp\/v2\/media\/1036"}],"wp:attachment":[{"href":"https:\/\/emporiodoturquinho.com.br\/index.php?rest_route=%2Fwp%2Fv2%2Fmedia&parent=1034"}],"wp:term":[{"taxonomy":"product_cat","embeddable":true,"href":"https:\/\/emporiodoturquinho.com.br\/index.php?rest_route=%2Fwp%2Fv2%2Fproduct_cat&post=1034"},{"taxonomy":"product_tag","embeddable":true,"href":"https:\/\/emporiodoturquinho.com.br\/index.php?rest_route=%2Fwp%2Fv2%2Fproduct_tag&post=1034"}],"curies":[{"name":"wp","href":"https:\/\/api.w.org\/{rel}","templated":true}]}}