{"id":1023,"date":"2025-07-15T13:05:39","date_gmt":"2025-07-15T16:05:39","guid":{"rendered":"https:\/\/emporiodoturquinho.com.br\/?post_type=product&#038;p=1023"},"modified":"2025-07-15T13:05:39","modified_gmt":"2025-07-15T16:05:39","slug":"moro-thermo","status":"publish","type":"product","link":"https:\/\/emporiodoturquinho.com.br\/?product=moro-thermo","title":{"rendered":"MORO THERMO"},"content":{"rendered":"<p>Moro Thermo \u00e9 um Suplemento alimentar que combina os benef\u00edcios do extrato de laranja moro (Citrus sinensis L. Osbeck) e do cromo (picolinato de cromo) para auxiliar no metabolismo e na sa\u00fade geral.<br \/>\nBenef\u00edcios:<br \/>\nA\u00e7\u00e3o antioxidante: A laranja moro possui propriedades antioxidantes que auxiliam no combate aos radicais livres, protegendo as c\u00e9lulas contra danos oxidativos.<br \/>\nAux\u00edlio no metabolismo: O cromo contribui para o metabolismo adequado de prote\u00ednas, carboidratos e gorduras, facilitando a utiliza\u00e7\u00e3o desses nutrientes pelo organismo.<br \/>\nSuporte ao sistema imunol\u00f3gico: A laranja moro auxilia no funcionamento do sistema imunol\u00f3gico, fortalecendo as defesas naturais do\u00a0<a title=\"corpo\" href=\"https:\/\/www.drogaraia.com.br\/beleza\/cuidados-com-a-pele\/corpo.html\" rel=\"follow\">corpo<\/a>.<br \/>\nA\u00e7\u00e3o termog\u00eanica: A laranja moro possui a\u00e7\u00e3o termog\u00eanica, que pode auxiliar no aumento do gasto energ\u00e9tico e na queima de gordura.<br \/>\nIngredientes: Extrato de laranja moro (Citrus sinensis L. Osbeck) e cromo (picolinato de cromo). C\u00e1psula: gelificante gelatina, \u00e1gua purificada, umectante glicerina e corante di\u00f3xido de tit\u00e2nio. N\u00e3o cont\u00e9m gl\u00faten.<br \/>\nModo de uso: Consumir 1 (uma) c\u00e1psula, uma vez ao dia, preferencialmente pr\u00f3ximo \u00e0s refei\u00e7\u00f5es, ou conforme orienta\u00e7\u00e3o de um m\u00e9dico ou nutricionista. O consumo deste produto deve ser acompanhado da ingest\u00e3o de l\u00edquidos.<br \/>\nAdvert\u00eancias:<br \/>\nEste produto n\u00e3o \u00e9 um medicamento.<br \/>\nN\u00e3o exceder a recomenda\u00e7\u00e3o di\u00e1ria de consumo indicada na embalagem.<br \/>\nMantenha fora do alcance de crian\u00e7as.<br \/>\nGestantes, lactantes e crian\u00e7as at\u00e9 3 anos devem consumir este produto sob orienta\u00e7\u00e3o de um profissional de sa\u00fade.<\/p>\n","protected":false},"excerpt":{"rendered":"<ul>\n<li>Auxilia no metabolismo de nutrientes.<\/li>\n<li>Contribui para a prote\u00e7\u00e3o antioxidante.<\/li>\n<li>Desenvolvido para apoiar o sistema imunol\u00f3gico.<\/li>\n<li>Pode auxiliar no gasto energ\u00e9tico.<\/li>\n<li>Suplemento sem gl\u00faten.<\/li>\n<\/ul>\n","protected":false},"featured_media":1024,"comment_status":"open","ping_status":"closed","template":"","meta":[],"product_cat":[37],"product_tag":[],"class_list":{"0":"post-1023","1":"product","2":"type-product","3":"status-publish","4":"has-post-thumbnail","6":"product_cat-suplementos","8":"first","9":"instock","10":"shipping-taxable","11":"product-type-simple"},"supplier_id":null,"supplier_sku":"","barcode":null,"atum_controlled":true,"out_stock_date":null,"out_stock_threshold":null,"inheritable":false,"inbound_stock":null,"stock_on_hold":0,"sold_today":0,"sales_last_days":0,"reserved_stock":null,"customer_returns":null,"warehouse_damage":null,"lost_in_post":null,"other_logs":null,"out_stock_days":0,"lost_sales":0,"has_location":false,"update_date":"2026-04-22T12:24:26","atum_locations":[],"atum_stock_status":"instock","restock_status":false,"low_stock_amount":"","sales_update_date":"2026-04-22T12:24:26","calc_backorders":null,"_links":{"self":[{"href":"https:\/\/emporiodoturquinho.com.br\/index.php?rest_route=\/wp\/v2\/product\/1023","targetHints":{"allow":["GET"]}}],"collection":[{"href":"https:\/\/emporiodoturquinho.com.br\/index.php?rest_route=\/wp\/v2\/product"}],"about":[{"href":"https:\/\/emporiodoturquinho.com.br\/index.php?rest_route=\/wp\/v2\/types\/product"}],"replies":[{"embeddable":true,"href":"https:\/\/emporiodoturquinho.com.br\/index.php?rest_route=%2Fwp%2Fv2%2Fcomments&post=1023"}],"wp:featuredmedia":[{"embeddable":true,"href":"https:\/\/emporiodoturquinho.com.br\/index.php?rest_route=\/wp\/v2\/media\/1024"}],"wp:attachment":[{"href":"https:\/\/emporiodoturquinho.com.br\/index.php?rest_route=%2Fwp%2Fv2%2Fmedia&parent=1023"}],"wp:term":[{"taxonomy":"product_cat","embeddable":true,"href":"https:\/\/emporiodoturquinho.com.br\/index.php?rest_route=%2Fwp%2Fv2%2Fproduct_cat&post=1023"},{"taxonomy":"product_tag","embeddable":true,"href":"https:\/\/emporiodoturquinho.com.br\/index.php?rest_route=%2Fwp%2Fv2%2Fproduct_tag&post=1023"}],"curies":[{"name":"wp","href":"https:\/\/api.w.org\/{rel}","templated":true}]}}